{"id":1580,"date":"2018-07-26T14:10:35","date_gmt":"2018-07-26T17:10:35","guid":{"rendered":"https:\/\/ies813pabloluppi-chu.infd.edu.ar\/sitio\/?page_id=1580"},"modified":"2024-03-04T11:02:27","modified_gmt":"2024-03-04T14:02:27","slug":"pofesorado-de-lengua-y-literatura","status":"publish","type":"page","link":"https:\/\/ies813pabloluppi-chu.infd.edu.ar\/sitio\/pofesorado-de-lengua-y-literatura\/","title":{"rendered":"Profesorado de Lengua y Literatura"},"content":{"rendered":"<table border=\"0\">\n<tbody>\n<tr>\n<td style=\"background-color: #2808cd;\"><\/td>\n<td style=\"background-color: #1f7a52;\"><\/td>\n<td style=\"background-color: #7b4427;\"><\/td>\n<\/tr>\n<\/tbody>\n<\/table>\n<h1 style=\"margin: auto 0cm;\"><span style=\"font-size: 15pt; color: black; font-family: Verdana;\"><span style=\"font-size: 14pt;\">Pr<\/span>ofesorado en Lengua y Literatura<\/span><\/h1>\n<p>T\u00edtulo: Profesor\/a de Lengua y Literatura<br \/>\n<span style=\"font-family: Verdana;\">Duraci\u00f3n:<\/span> 4 a\u00f1os<\/p>\n<p><strong>Coordinador: Prof. Ernesto Friedenthal &#8211; <a href=\"mailto:ernestofriede@gmail.com\">ernestofriede@gmail.com<\/a><\/strong><\/p>\n<h2 style=\"margin: auto 0cm;\"><span style=\"font-size: 11.5pt; color: black; font-family: Verdana;\">\u00a0<\/span><\/h2>\n<h2 style=\"margin: auto 0cm;\"><span style=\"font-size: 11.5pt; color: black; font-family: Verdana;\">Alcances profesionales<\/span><\/h2>\n<ul type=\"disc\">\n<li class=\"MsoNormal\" style=\"margin: 0cm 0cm 0pt; color: black; mso-margin-top-alt: auto; mso-margin-bottom-alt: auto; mso-list: l2 level1 lfo1; tab-stops: list 36.0pt;\"><span style=\"font-size: 7.5pt; font-family: Verdana;\">Planificar, conducir y evaluar los procesos de ense\u00f1anza y de aprendizaje a partir del ejercicio de la docencia en el \u00c1rea Lengua y Literatura. <\/span><\/li>\n<li class=\"MsoNormal\" style=\"margin: 0cm 0cm 0pt; color: black; mso-margin-top-alt: auto; mso-margin-bottom-alt: auto; mso-list: l2 level1 lfo1; tab-stops: list 36.0pt;\"><span style=\"font-size: 7.5pt; font-family: Verdana;\">Asesorar en lo referente a la metodolog\u00eda de la ense\u00f1anza de la Lengua y la Literatura. <\/span><\/li>\n<\/ul>\n<p><span style=\"font-size: 7.5pt; color: black; font-family: Verdana;\">\u00a0<\/span><\/p>\n<h2 style=\"margin: auto 0cm;\"><a id=\"otras\" name=\"otras\"><\/a><span style=\"font-size: 11.5pt; color: black; font-family: Verdana;\">Otras actividades propias del campo profesional<\/span><\/h2>\n<ul type=\"disc\">\n<li class=\"MsoNormal\" style=\"margin: 0cm 0cm 0pt; color: black; mso-margin-top-alt: auto; mso-margin-bottom-alt: auto; mso-list: l0 level1 lfo2; tab-stops: list 36.0pt;\"><span style=\"font-size: 7.5pt; font-family: Verdana;\">Participar en la planificaci\u00f3n, ejecuci\u00f3n y evaluaci\u00f3n de proyectos de extensi\u00f3n en el \u00e1mbito universitario, particularmente en los relativos a la formaci\u00f3n inicial y continua, el perfeccionamiento y la actualizaci\u00f3n del docente del \u00e1rea. <\/span><\/li>\n<li class=\"MsoNormal\" style=\"margin: 0cm 0cm 0pt; color: black; mso-margin-top-alt: auto; mso-margin-bottom-alt: auto; mso-list: l0 level1 lfo2; tab-stops: list 36.0pt;\"><span style=\"font-size: 7.5pt; font-family: Verdana;\">Participar en equipos interdisciplinarios dedicados a la investigaci\u00f3n en universidades, centros e institutos de investigaci\u00f3n. <\/span><\/li>\n<li class=\"MsoNormal\" style=\"margin: 0cm 0cm 0pt; color: black; mso-margin-top-alt: auto; mso-margin-bottom-alt: auto; mso-list: l0 level1 lfo2; tab-stops: list 36.0pt;\"><span style=\"font-size: 7.5pt; font-family: Verdana;\">Realizar asesoramiento, investigaci\u00f3n y planificaciones curriculares del \u00c1rea en organismos e instituciones oficiales y privados. <\/span><\/li>\n<li class=\"MsoNormal\" style=\"margin: 0cm 0cm 0pt; color: black; mso-margin-top-alt: auto; mso-margin-bottom-alt: auto; mso-list: l0 level1 lfo2; tab-stops: list 36.0pt;\"><span style=\"font-size: 7.5pt; font-family: Verdana;\">Intervenir y asesorar en la pol\u00edtica estatal de ense\u00f1anza y acci\u00f3n cultural. <\/span><\/li>\n<li class=\"MsoNormal\" style=\"margin: 0cm 0cm 0pt; color: black; mso-margin-top-alt: auto; mso-margin-bottom-alt: auto; mso-list: l0 level1 lfo2; tab-stops: list 36.0pt;\"><span style=\"font-size: 7.5pt; font-family: Verdana;\">Trabajar como corrector en empresas editoriales o en el asesoramiento t\u00e9cnico para la publicaci\u00f3n de obras especializadas del \u00c1rea. <\/span><\/li>\n<li class=\"MsoNormal\" style=\"margin: 0cm 0cm 0pt; color: black; mso-margin-top-alt: auto; mso-margin-bottom-alt: auto; mso-list: l0 level1 lfo2; tab-stops: list 36.0pt;\"><span style=\"font-size: 7.5pt; font-family: Verdana;\">Trabajar en periodismo especializado en publicaciones referidas a la lengua y la literatura. <\/span><\/li>\n<li class=\"MsoNormal\" style=\"margin: 0cm 0cm 0pt; color: black; mso-margin-top-alt: auto; mso-margin-bottom-alt: auto; mso-list: l0 level1 lfo2; tab-stops: list 36.0pt;\"><span style=\"font-size: 7.5pt; font-family: Verdana;\">Producir ensayos, libros y materiales curriculares relativos a investigaciones desarrolladas en el \u00c1rea de la Literatura, la Ling\u00fc\u00edstica, la Metodolog\u00eda y la Cr\u00edtica, y a propuestas para libros de textos destinados a la lectura y a la ense\u00f1anza de la Lengua y la Literatura en los distintos niveles del Sistema Educativo. <\/span><\/li>\n<\/ul>\n<p><span style=\"font-size: 7.5pt; color: black; font-family: Verdana;\">\u00a0<\/span><\/p>\n<h2 style=\"margin: auto 0cm;\"><a id=\"perfil\" name=\"perfil\"><\/a><span style=\"font-size: 11.5pt; color: black; font-family: Verdana;\">Perfil del t\u00edtulo<\/span><\/h2>\n<p>Conocimientos generales sobre:<\/p>\n<ul type=\"disc\">\n<li class=\"MsoNormal\" style=\"margin: 0cm 0cm 0pt; color: black; mso-margin-top-alt: auto; mso-margin-bottom-alt: auto; mso-list: l5 level1 lfo3; tab-stops: list 36.0pt;\"><span style=\"font-size: 7.5pt; font-family: Verdana;\">Conocimiento cient\u00edfico: paradigmas epistemol\u00f3gicos en la investigaci\u00f3n en ciencias sociales; construcci\u00f3n de campos disciplinares, interdisciplinares y transdisciplinares. <\/span><\/li>\n<li class=\"MsoNormal\" style=\"margin: 0cm 0cm 0pt; color: black; mso-margin-top-alt: auto; mso-margin-bottom-alt: auto; mso-list: l5 level1 lfo3; tab-stops: list 36.0pt;\"><span style=\"font-size: 7.5pt; font-family: Verdana;\">Concepci\u00f3n de g\u00e9neros discursivos y de su interacci\u00f3n generalizada: relaciones de producci\u00f3n, circulaci\u00f3n y recepci\u00f3n. <\/span><\/li>\n<li class=\"MsoNormal\" style=\"margin: 0cm 0cm 0pt; color: black; mso-margin-top-alt: auto; mso-margin-bottom-alt: auto; mso-list: l5 level1 lfo3; tab-stops: list 36.0pt;\"><span style=\"font-size: 7.5pt; font-family: Verdana;\">Concepci\u00f3n de texto como proceso de producci\u00f3n de sentido de orden social. <\/span><\/li>\n<li class=\"MsoNormal\" style=\"margin: 0cm 0cm 0pt; color: black; mso-margin-top-alt: auto; mso-margin-bottom-alt: auto; mso-list: l5 level1 lfo3; tab-stops: list 36.0pt;\"><span style=\"font-size: 7.5pt; font-family: Verdana;\">Marcos te\u00f3ricos y operaciones de producci\u00f3n de cooperaci\u00f3n interpretativa. <\/span><\/li>\n<li class=\"MsoNormal\" style=\"margin: 0cm 0cm 0pt; color: black; mso-margin-top-alt: auto; mso-margin-bottom-alt: auto; mso-list: l5 level1 lfo3; tab-stops: list 36.0pt;\"><span style=\"font-size: 7.5pt; font-family: Verdana;\">Marcos te\u00f3ricos y operaciones de producci\u00f3n de textos. <\/span><\/li>\n<li class=\"MsoNormal\" style=\"margin: 0cm 0cm 0pt; color: black; mso-margin-top-alt: auto; mso-margin-bottom-alt: auto; mso-list: l5 level1 lfo3; tab-stops: list 36.0pt;\"><span style=\"font-size: 7.5pt; font-family: Verdana;\">Concepciones de educaci\u00f3n en diferentes marcos socio-pol\u00edticos, jur\u00eddicos, culturales e institucionales. <\/span><\/li>\n<li class=\"MsoNormal\" style=\"margin: 0cm 0cm 0pt; color: black; mso-margin-top-alt: auto; mso-margin-bottom-alt: auto; mso-list: l5 level1 lfo3; tab-stops: list 36.0pt;\"><span style=\"font-size: 7.5pt; font-family: Verdana;\">Fundamentos para la planificaci\u00f3n, organizaci\u00f3n y administraci\u00f3n institucional. <\/span><\/li>\n<li class=\"MsoNormal\" style=\"margin: 0cm 0cm 0pt; color: black; mso-margin-top-alt: auto; mso-margin-bottom-alt: auto; mso-list: l5 level1 lfo3; tab-stops: list 36.0pt;\"><span style=\"font-size: 7.5pt; font-family: Verdana;\">Dimensiones de an\u00e1lisis para abordar el estudio de los elementos del curriculum de Lengua y Literatura que se explicita en diferentes niveles. <\/span><\/li>\n<li class=\"MsoNormal\" style=\"margin: 0cm 0cm 0pt; color: black; mso-margin-top-alt: auto; mso-margin-bottom-alt: auto; mso-list: l5 level1 lfo3; tab-stops: list 36.0pt;\"><span style=\"font-size: 7.5pt; font-family: Verdana;\">Factores cognitivos, culturales y psicol\u00f3gicos que condicionan los procesos de aprendizaje de la Lengua y el desarrollo de las competencias ling\u00fc\u00edsticas en los adolescentes. <\/span><\/li>\n<li class=\"MsoNormal\" style=\"margin: 0cm 0cm 0pt; color: black; mso-margin-top-alt: auto; mso-margin-bottom-alt: auto; mso-list: l5 level1 lfo3; tab-stops: list 36.0pt;\"><span style=\"font-size: 7.5pt; font-family: Verdana;\">La construcci\u00f3n de marcos te\u00f3ricos, m\u00e9todos y recursos referidos a los procesos de ense\u00f1anza en general, y de la Lengua y la Literatura en particular. <\/span><\/li>\n<\/ul>\n<p>Conocimientos espec\u00edficos sobre:<\/p>\n<ul type=\"disc\">\n<li class=\"MsoNormal\" style=\"margin: 0cm 0cm 0pt; color: black; mso-margin-top-alt: auto; mso-margin-bottom-alt: auto; mso-list: l1 level1 lfo4; tab-stops: list 36.0pt;\"><span style=\"font-size: 7.5pt; font-family: Verdana;\">Teor\u00edas Ling\u00fc\u00edsticas y problem\u00e1ticas del lenguaje humano: disciplinas e interdisciplinas. Unidades del lenguaje. <\/span><\/li>\n<li class=\"MsoNormal\" style=\"margin: 0cm 0cm 0pt; color: black; mso-margin-top-alt: auto; mso-margin-bottom-alt: auto; mso-list: l1 level1 lfo4; tab-stops: list 36.0pt;\"><span style=\"font-size: 7.5pt; font-family: Verdana;\">El c\u00f3digo objeto de ense\u00f1anza desde el punto de vista interno y externo: estructura, variedades ling\u00fc\u00edsticas y funciones (condiciones de uso sociocultural). <\/span><\/li>\n<li class=\"MsoNormal\" style=\"margin: 0cm 0cm 0pt; color: black; mso-margin-top-alt: auto; mso-margin-bottom-alt: auto; mso-list: l1 level1 lfo4; tab-stops: list 36.0pt;\"><span style=\"font-size: 7.5pt; font-family: Verdana;\">Teor\u00edas literarias en funci\u00f3n de la construcci\u00f3n de objeto. Consecuencias metodol\u00f3gicas: criterios de selecci\u00f3n de h\u00e1beas. Sentido de la cr\u00edtica. <\/span><\/li>\n<li class=\"MsoNormal\" style=\"margin: 0cm 0cm 0pt; color: black; mso-margin-top-alt: auto; mso-margin-bottom-alt: auto; mso-list: l1 level1 lfo4; tab-stops: list 36.0pt;\"><span style=\"font-size: 7.5pt; font-family: Verdana;\">Perspectivas est\u00e9ticas en la construcci\u00f3n del objeto art\u00edstico. <\/span><\/li>\n<li class=\"MsoNormal\" style=\"margin: 0cm 0cm 0pt; color: black; mso-margin-top-alt: auto; mso-margin-bottom-alt: auto; mso-list: l1 level1 lfo4; tab-stops: list 36.0pt;\"><span style=\"font-size: 7.5pt; font-family: Verdana;\">Construcci\u00f3n de la enciclopedia hist\u00f3rica de textos y autores representativos de las literaturas nacionales y regionales. <\/span><\/li>\n<li class=\"MsoNormal\" style=\"margin: 0cm 0cm 0pt; color: black; mso-margin-top-alt: auto; mso-margin-bottom-alt: auto; mso-list: l1 level1 lfo4; tab-stops: list 36.0pt;\"><span style=\"font-size: 7.5pt; font-family: Verdana;\">Aportes filos\u00f3ficos para una reflexi\u00f3n transdisciplinaria de los hechos de lenguaje. <\/span><\/li>\n<\/ul>\n<p><span style=\"font-size: 7.5pt; color: black; font-family: Verdana;\">Capacidades y habilidades requeridas para la realizaci\u00f3n de las actividades que le incumben.<\/span><\/p>\n<p><span style=\"font-size: 7.5pt; color: black; font-family: Verdana;\">Estrategias, habilidades y capacidades para:<\/span><\/p>\n<ul type=\"disc\">\n<li class=\"MsoNormal\" style=\"margin: 0cm 0cm 0pt; color: black; mso-margin-top-alt: auto; mso-margin-bottom-alt: auto; mso-list: l4 level1 lfo5; tab-stops: list 36.0pt;\"><span style=\"font-size: 7.5pt; font-family: Verdana;\">La planificaci\u00f3n, ejecuci\u00f3n y evaluaci\u00f3n de proyectos de ense\u00f1anza de la Lengua y la Literatura en diferentes contextos institucionales y grupos. <\/span><\/li>\n<li class=\"MsoNormal\" style=\"margin: 0cm 0cm 0pt; color: black; mso-margin-top-alt: auto; mso-margin-bottom-alt: auto; mso-list: l4 level1 lfo5; tab-stops: list 36.0pt;\"><span style=\"font-size: 7.5pt; font-family: Verdana;\">El dise\u00f1o, ejecuci\u00f3n y evaluaci\u00f3n de pr\u00e1cticas de investigaci\u00f3n educativa. <\/span><\/li>\n<li class=\"MsoNormal\" style=\"margin: 0cm 0cm 0pt; color: black; mso-margin-top-alt: auto; mso-margin-bottom-alt: auto; mso-list: l4 level1 lfo5; tab-stops: list 36.0pt;\"><span style=\"font-size: 7.5pt; font-family: Verdana;\">El desarrollo de pr\u00e1cticas de investigaci\u00f3n relacionadas con la Lengua y la Literatura. <\/span><\/li>\n<li class=\"MsoNormal\" style=\"margin: 0cm 0cm 0pt; color: black; mso-margin-top-alt: auto; mso-margin-bottom-alt: auto; mso-list: l4 level1 lfo5; tab-stops: list 36.0pt;\"><span style=\"font-size: 7.5pt; font-family: Verdana;\">El di\u00e1logo multidisciplinar en las pr\u00e1cticas docentes y pedag\u00f3gicas en el marco institucional. <\/span><\/li>\n<li class=\"MsoNormal\" style=\"margin: 0cm 0cm 0pt; color: black; mso-margin-top-alt: auto; mso-margin-bottom-alt: auto; mso-list: l4 level1 lfo5; tab-stops: list 36.0pt;\"><span style=\"font-size: 7.5pt; font-family: Verdana;\">La instrumentaci\u00f3n consciente de los procesos de transposici\u00f3n did\u00e1ctica en la ense\u00f1anza de la Lengua y la Literatura. <\/span><\/li>\n<li class=\"MsoNormal\" style=\"margin: 0cm 0cm 0pt; color: black; mso-margin-top-alt: auto; mso-margin-bottom-alt: auto; mso-list: l4 level1 lfo5; tab-stops: list 36.0pt;\"><span style=\"font-size: 7.5pt; font-family: Verdana;\">La formaci\u00f3n de lectores y escritores, hablantes y oyentes competentes como usuarios en el entorno sociocultural. <\/span><\/li>\n<li class=\"MsoNormal\" style=\"margin: 0cm 0cm 0pt; color: black; mso-margin-top-alt: auto; mso-margin-bottom-alt: auto; mso-list: l4 level1 lfo5; tab-stops: list 36.0pt;\"><span style=\"font-size: 7.5pt; font-family: Verdana;\">La intervenci\u00f3n pedag\u00f3gica favoreciendo la construcci\u00f3n de aprendizajes significativos a partir del ajuste de sus procesos de ense\u00f1anza. <\/span><\/li>\n<li class=\"MsoNormal\" style=\"margin: 0cm 0cm 0pt; color: black; mso-margin-top-alt: auto; mso-margin-bottom-alt: auto; mso-list: l4 level1 lfo5; tab-stops: list 36.0pt;\"><span style=\"font-size: 7.5pt; font-family: Verdana;\">La reflexi\u00f3n metacognitiva y cr\u00edtica acerca de sus propios procesos de formaci\u00f3n continua. <\/span><\/li>\n<li class=\"MsoNormal\" style=\"margin: 0cm 0cm 0pt; color: black; mso-margin-top-alt: auto; mso-margin-bottom-alt: auto; mso-list: l4 level1 lfo5; tab-stops: list 36.0pt;\"><span style=\"font-size: 7.5pt; font-family: Verdana;\">La instrumentaci\u00f3n de procesos de dise\u00f1o y evaluaci\u00f3n curricular del \u00c1rea Lengua y Literatura en contextos de transformaci\u00f3n. <\/span><\/li>\n<li class=\"MsoNormal\" style=\"margin: 0cm 0cm 0pt; color: black; mso-margin-top-alt: auto; mso-margin-bottom-alt: auto; mso-list: l4 level1 lfo5; tab-stops: list 36.0pt;\"><span style=\"font-size: 7.5pt; font-family: Verdana;\">La generaci\u00f3n de criterios adecuados para el an\u00e1lisis cr\u00edtico, la producci\u00f3n aut\u00f3noma y\/o selecci\u00f3n de propuestas curriculares para el \u00c1rea destinadas al aprendizaje de los alumnos. <\/span><\/li>\n<\/ul>\n<p><span style=\"font-size: 7.5pt; color: black; font-family: Verdana;\">Actitudes que le permitan:<\/span><\/p>\n<ul type=\"disc\">\n<li class=\"MsoNormal\" style=\"margin: 0cm 0cm 0pt; color: black; mso-margin-top-alt: auto; mso-margin-bottom-alt: auto; mso-list: l3 level1 lfo6; tab-stops: list 36.0pt;\"><span style=\"font-size: 7.5pt; font-family: Verdana;\">Desarrollar una actitud reflexiva, cr\u00edtica y transformadora como base din\u00e1mica y permanente para la sustentaci\u00f3n de su formaci\u00f3n continua. <\/span><\/li>\n<li class=\"MsoNormal\" style=\"margin: 0cm 0cm 0pt; color: black; mso-margin-top-alt: auto; mso-margin-bottom-alt: auto; mso-list: l3 level1 lfo6; tab-stops: list 36.0pt;\"><span style=\"font-size: 7.5pt; font-family: Verdana;\">Reflexionar cr\u00edticamente sobre la axiolog\u00eda que funda las pr\u00e1cticas sociales, institucionales y educativas. <\/span><\/li>\n<li class=\"MsoNormal\" style=\"margin: 0cm 0cm 0pt; color: black; mso-margin-top-alt: auto; mso-margin-bottom-alt: auto; mso-list: l3 level1 lfo6; tab-stops: list 36.0pt;\"><span style=\"font-size: 7.5pt; font-family: Verdana;\">Reconocer responsabilidad fundante de la tarea educativa en el campo de la Lengua y la Literatura, como praxis pol\u00edtico &#8211; social que incide en la formaci\u00f3n de ciudadanos aut\u00f3nomos y libres, capaces de interpretar cr\u00edticamente la realidad para intervenir en la vida p\u00fablica y en los procesos de toma de decisiones en tanto usuarios competentes de la lengua oral y de la lengua escrita<\/span><\/li>\n<\/ul>\n<p class=\"MsoNormal\" style=\"text-align: justify;\">\n","protected":false},"excerpt":{"rendered":"<p>Profesorado en Lengua y Literatura T\u00edtulo: Profesor\/a de Lengua y Literatura Duraci\u00f3n: 4 a\u00f1os Coordinador: Prof. Ernesto Friedenthal &#8211; ernestofriede@gmail.com \u00a0 Alcances profesionales Planificar, conducir y evaluar los procesos de ense\u00f1anza y de aprendizaje a partir del ejercicio de la docencia en el \u00c1rea Lengua y Literatura. Asesorar en lo referente a la metodolog\u00eda de &#8230; <a title=\"Profesorado de Lengua y Literatura\" class=\"read-more\" href=\"https:\/\/ies813pabloluppi-chu.infd.edu.ar\/sitio\/pofesorado-de-lengua-y-literatura\/\" aria-label=\"More on Profesorado de Lengua y Literatura\">[+]<\/a><\/p>\n","protected":false},"author":935,"featured_media":0,"parent":0,"menu_order":0,"comment_status":"closed","ping_status":"closed","template":"","meta":[],"acf":[],"_links":{"self":[{"href":"https:\/\/ies813pabloluppi-chu.infd.edu.ar\/sitio\/wp-json\/wp\/v2\/pages\/1580"}],"collection":[{"href":"https:\/\/ies813pabloluppi-chu.infd.edu.ar\/sitio\/wp-json\/wp\/v2\/pages"}],"about":[{"href":"https:\/\/ies813pabloluppi-chu.infd.edu.ar\/sitio\/wp-json\/wp\/v2\/types\/page"}],"author":[{"embeddable":true,"href":"https:\/\/ies813pabloluppi-chu.infd.edu.ar\/sitio\/wp-json\/wp\/v2\/users\/935"}],"replies":[{"embeddable":true,"href":"https:\/\/ies813pabloluppi-chu.infd.edu.ar\/sitio\/wp-json\/wp\/v2\/comments?post=1580"}],"version-history":[{"count":6,"href":"https:\/\/ies813pabloluppi-chu.infd.edu.ar\/sitio\/wp-json\/wp\/v2\/pages\/1580\/revisions"}],"predecessor-version":[{"id":6237,"href":"https:\/\/ies813pabloluppi-chu.infd.edu.ar\/sitio\/wp-json\/wp\/v2\/pages\/1580\/revisions\/6237"}],"wp:attachment":[{"href":"https:\/\/ies813pabloluppi-chu.infd.edu.ar\/sitio\/wp-json\/wp\/v2\/media?parent=1580"}],"curies":[{"name":"wp","href":"https:\/\/api.w.org\/{rel}","templated":true}]}}