{"id":1732,"date":"2018-06-29T18:15:04","date_gmt":"2018-06-29T21:15:04","guid":{"rendered":"https:\/\/ies813pabloluppi-chu.infd.edu.ar\/sitio\/disenos-curriculares-de-formacion-docente\/"},"modified":"2026-04-21T18:59:08","modified_gmt":"2026-04-21T21:59:08","slug":"disenos-curriculares-de-formacion-docente","status":"publish","type":"page","link":"https:\/\/ies813pabloluppi-chu.infd.edu.ar\/sitio\/disenos-curriculares-de-formacion-docente\/","title":{"rendered":"Dise\u00f1os Curriculares"},"content":{"rendered":"<h4 style=\"text-align: center;\"><span style=\"color: #cc6272;\"><strong>PROFESORADO DE EDUCACI\u00d3N TECNOL\u00d3GICA<\/strong><\/span><\/h4>\n<p><img decoding=\"async\" loading=\"lazy\" class=\"aligncenter wp-image-6629\" src=\"https:\/\/ies813pabloluppi-chu.infd.edu.ar\/sitio\/wp-content\/uploads\/2025\/03\/educacion-tecnologica.jpg\" alt=\"\" width=\"180\" height=\"185\" \/><\/p>\n<p style=\"text-align: center;\"><a href=\"https:\/\/ies813pabloluppi-chu.infd.edu.ar\/sitio\/wp-content\/uploads\/2024\/11\/DC_Educacion-Tecnologica.pdf\">Dise\u00f1o Curricular &#8211; Prof. de Educaci\u00f3n Tecnol\u00f3gica &#8211; 2022<\/a><\/p>\n<p><img decoding=\"async\" loading=\"lazy\" class=\"aligncenter\" src=\"https:\/\/isfdyt43-bue.infd.edu.ar\/sitio\/wp-content\/uploads\/2018\/07\/BannersEducacionEspecial.jpg\" alt=\"Resultado de imagen para profesorado de educacion especial\" width=\"412\" height=\"156\" \/><\/p>\n<p style=\"text-align: center;\"><a href=\"https:\/\/ies813pabloluppi-chu.infd.edu.ar\/sitio\/wp-content\/uploads\/2023\/03\/Res-595.17-Anexo-I-DC-Prof.-EdEspecial-or.-DiscIntelectual.pdf\">Res 595.17 Anexo I DC Prof. EdEspecial or. DiscIntelectual<\/a><\/p>\n<p style=\"text-align: center;\"><a href=\"https:\/\/ies813pabloluppi-chu.infd.edu.ar\/sitio\/wp-content\/uploads\/2023\/04\/Diseno-Curricular_Profesorado-Educacion-Especial_DI_Res-315_2014.pdf\">Dise\u00f1o Curricular_Profesorado Educaci\u00f3n Especial_DI_Res 315_2014<\/a><\/p>\n<h5 style=\"text-align: center;\"><span style=\"color: #008000;\"><strong>Programas de espacios curriculares.<\/strong><\/span><\/h5>\n<p style=\"text-align: center;\"><a href=\"https:\/\/ies813pabloluppi-chu.infd.edu.ar\/sitio\/wp-content\/uploads\/2020\/08\/EDII_de_Abordaje-Pedag\u00f3gico-de-la-Multidiscapacidad_Especial.pdf\">EDII_de_Abordaje Pedag\u00f3gico de la Multidiscapacidad_Especial<\/a><\/p>\n<p style=\"text-align: center;\"><a href=\"https:\/\/ies813pabloluppi-chu.infd.edu.ar\/sitio\/wp-content\/uploads\/2021\/03\/UDI-Primer-a\u00f1o-de-Profesorado-de-Educaci\u00f3n-Especial-Orientaci\u00f3n-Intelectuales_2021_03_26.pdf\">UDI Primer a\u00f1o de Profesorado de Educaci\u00f3n Especial Orientaci\u00f3n Intelectuales_2021_03_26<\/a><\/p>\n<p style=\"text-align: center;\"><a href=\"https:\/\/ies813pabloluppi-chu.infd.edu.ar\/sitio\/wp-content\/uploads\/2024\/02\/UDI_CFG-I_PEE_Uso-de-la-Voz_2024.pdf\">UDI Uso de la Voz (2024)<\/a><\/p>\n<p style=\"text-align: center;\"><a href=\"https:\/\/ies813pabloluppi-chu.infd.edu.ar\/sitio\/wp-content\/uploads\/2024\/12\/UDI-CFG_Introduccion-a-la-lengua-de-senas.pdf\">UDI CFG_Introducci\u00f3n a la lengua de se\u00f1as<\/a><\/p>\n<p><img decoding=\"async\" loading=\"lazy\" class=\"wp-image-3119 aligncenter\" src=\"https:\/\/ies813pabloluppi-chu.infd.edu.ar\/sitio\/wp-content\/uploads\/2019\/04\/Folleto_Profesorado_Educ_Primaria_recorte-1000x237.jpg\" alt=\"\" width=\"413\" height=\"98\" srcset=\"https:\/\/ies813pabloluppi-chu.infd.edu.ar\/sitio\/wp-content\/uploads\/2019\/04\/Folleto_Profesorado_Educ_Primaria_recorte-1000x237.jpg 1000w, https:\/\/ies813pabloluppi-chu.infd.edu.ar\/sitio\/wp-content\/uploads\/2019\/04\/Folleto_Profesorado_Educ_Primaria_recorte-768x182.jpg 768w, https:\/\/ies813pabloluppi-chu.infd.edu.ar\/sitio\/wp-content\/uploads\/2019\/04\/Folleto_Profesorado_Educ_Primaria_recorte-1900x451.jpg 1900w, https:\/\/ies813pabloluppi-chu.infd.edu.ar\/sitio\/wp-content\/uploads\/2019\/04\/Folleto_Profesorado_Educ_Primaria_recorte.jpg 2014w\" sizes=\"(max-width: 413px) 100vw, 413px\" \/><\/p>\n<p style=\"text-align: center;\"><a href=\"https:\/\/ies813pabloluppi-chu.infd.edu.ar\/sitio\/wp-content\/uploads\/2022\/03\/DC_PEP-2022-Profesorado-de-Educacion-Primaria.pdf\" target=\"_blank\" rel=\"noopener\"><strong>DC_PEP 2022 Profesorado de Educaci\u00f3n Primaria<\/strong><\/a><\/p>\n<p style=\"text-align: center;\"><a class=\"LinkModi\" style=\"font-size: 12pt;\" href=\"upload\/DC_Prof_de_Educacion_Primaria_2015.pdf\"><strong>Dise\u00f1o Curricular Profesorado en Eeducaci\u00f3n\u00a0\u00a0<span style=\"text-decoration: underline; color: #800080;\">Primaria<\/span> Res 310\/14 \u00a0<\/strong><\/a><\/p>\n<h5 style=\"text-align: center;\"><span style=\"color: #008000;\"><strong>Programas de espacios curriculares.<\/strong><\/span><\/h5>\n<ul>\n<li style=\"text-align: center;\"><a href=\"https:\/\/ies813pabloluppi-chu.infd.edu.ar\/sitio\/wp-content\/uploads\/2018\/08\/UDI-Cholila-4\u00b0a\u00f1o-primaria.pdf\">UDI: Primaria -Ense\u00f1anzas, cuerpos y el sal\u00f3n de clases\u00a0 &#8211; 4\u00b0 A\u00d1O<\/a><\/li>\n<\/ul>\n<p style=\"text-align: center;\"><a href=\"https:\/\/ies813pabloluppi-chu.infd.edu.ar\/sitio\/wp-content\/uploads\/2021\/08\/Profesorado-de-Educacion-Primaria-UDI-l-Practica-de-la-Voz-en-el-aula.pdf\">Profesorado de Educaci\u00f3n Primaria UDI l Pr\u00e1ctica de la Voz en el aula<\/a><\/p>\n<p style=\"text-align: center;\"><a href=\"https:\/\/ies813pabloluppi-chu.infd.edu.ar\/sitio\/wp-content\/uploads\/2023\/08\/UDI-Legislacion-escolar.pdf\">UDI Legislaci\u00f3n escolar<\/a><\/p>\n<p style=\"text-align: center;\"><a href=\"https:\/\/ies813pabloluppi-chu.infd.edu.ar\/sitio\/wp-content\/uploads\/2024\/08\/UDI-Primeros-auxiliios-PEP-Anexo-Epuyen.pdf\">UDI Primeros auxiliios PEP Anexo Epuy\u00e9n<\/a><\/p>\n<p style=\"text-align: center;\"><a href=\"https:\/\/ies813pabloluppi-chu.infd.edu.ar\/sitio\/wp-content\/uploads\/2025\/07\/UDI-Uso-de-la-voz-Contenidos-minimos-2025.pdf\">UDI-Taller Uso de la Voz-2do cuatrimestre 2025<\/a><\/p>\n<p><span style=\"font-size: 12pt;\"><strong><a href=\"upload\/Dise%F1o_Curricular_Prof_Educacion_Inicial_309.pdf\"><img decoding=\"async\" loading=\"lazy\" class=\"wp-image-3134 aligncenter\" src=\"https:\/\/ies813pabloluppi-chu.infd.edu.ar\/sitio\/wp-content\/uploads\/2019\/04\/inicial-recorte.jpg\" alt=\"\" width=\"413\" height=\"109\" \/><\/a><\/strong><\/span><\/p>\n<p style=\"text-align: center;\"><strong><a href=\"https:\/\/ies813pabloluppi-chu.infd.edu.ar\/sitio\/wp-content\/uploads\/2022\/03\/DC_PEI-2022-Profesorado-de-Educacion-Inicial-1.pdf\" target=\"_blank\" rel=\"noopener\">DC_PEI 2022 Profesorado de Educaci\u00f3n Inicial<\/a><\/strong><\/p>\n<p style=\"text-align: center;\"><span style=\"font-size: 12pt;\"><strong><a href=\"https:\/\/ies813pabloluppi-chu.infd.edu.ar\/sitio\/wp-content\/uploads\/sitio\/Res._309.14_Anexo_I_DC_Prof._de_Educacion_Inicial.pdf\"><strong>Dise\u00f1o curricular\u00a0 Profesorado de Educaci\u00f3<\/strong>n\u00a0<span style=\"text-decoration: underline; color: #800080;\">Inicial<\/span> Res 309\/14<\/a><\/strong><\/span><\/p>\n<p style=\"text-align: center;\"><span style=\"font-size: 12pt;\"><strong><a class=\"LinkModi\" href=\"upload\/Disenio_Curricular_PrimariaInicial09.pdf\">Dise\u00f1o Curricular Profesorado Educaci\u00f3n\u00a0<span style=\"color: #800080;\">Primaria y Nivel Inicial<\/span> Res 129\/09<\/a><\/strong><\/span><\/p>\n<p style=\"text-align: center;\"><a href=\"https:\/\/ies813pabloluppi-chu.infd.edu.ar\/sitio\/wp-content\/uploads\/2019\/12\/Unidad-de-Definici\u00f3n-Institucional-Profesorado-de-Educaci\u00f3n-Inicial.pdf\" target=\"_blank\" rel=\"noopener\">Unidad de Definici\u00f3n Institucional Profesorado de Educaci\u00f3n Inicial<\/a><\/p>\n<p style=\"text-align: center;\"><a href=\"https:\/\/ies813pabloluppi-chu.infd.edu.ar\/sitio\/wp-content\/uploads\/2020\/03\/UDI-Prof-de-Educ-Inicial-Seminario-de-Adm-y-legislaci\u00f3n-escolar.pdf\" target=\"_blank\" rel=\"noopener\"><em>UDI_\u00a0<\/em><strong>Seminario de Administraci\u00f3n y legislaci\u00f3n escolar\u00a0<\/strong><strong>\u00a0Profesorado de Educaci\u00f3n Inicial<\/strong><\/a><\/p>\n<p style=\"text-align: center;\">\u00a0<a href=\"https:\/\/ies813pabloluppi-chu.infd.edu.ar\/sitio\/wp-content\/uploads\/2020\/07\/BASES-UDI-Educ-Inicial-Producci\u00f3n-Literaria-Infantil.pdf\">UDI Educ Inicial-Producci\u00f3n Literaria Infantil<\/a><\/p>\n<p style=\"text-align: center;\"><a href=\"https:\/\/ies813pabloluppi-chu.infd.edu.ar\/sitio\/wp-content\/uploads\/2024\/04\/PEI-UDI-TALLER-DE-PSICOMOTRICIDAD-4-ANO.pdf\">PEI- UDI TALLER DE PSICOMOTRICIDAD 4 A\u00d1O<\/a><\/p>\n<p style=\"text-align: center;\"><a href=\"https:\/\/ies813pabloluppi-chu.infd.edu.ar\/sitio\/wp-content\/uploads\/2024\/07\/UDI-CFG-PEI_La-escritura-en-la-Construccion-del-Saber-Pedagogico.pdf\">UDI-CFG-PEI_La-escritura-en-la-Construccion-del-Saber-Pedagogico.pdf<\/a> (2024)<\/p>\n<p style=\"text-align: center;\"><a href=\"https:\/\/ies813pabloluppi-chu.infd.edu.ar\/sitio\/wp-content\/uploads\/2025\/08\/UDI_Construccion-de-estrategias-ludicas-4to-ano-Educacion-Inicial.pdf\">UDI-Construcci\u00f3n de estrategias l\u00fadicas<\/a><\/p>\n<p><img decoding=\"async\" loading=\"lazy\" class=\"wp-image-5350 aligncenter\" src=\"https:\/\/ies813pabloluppi-chu.infd.edu.ar\/sitio\/wp-content\/uploads\/2023\/02\/Profesorado-en-Lengua-y-Literatura-1000x380.png\" alt=\"\" width=\"361\" height=\"137\" srcset=\"https:\/\/ies813pabloluppi-chu.infd.edu.ar\/sitio\/wp-content\/uploads\/2023\/02\/Profesorado-en-Lengua-y-Literatura-1000x380.png 1000w, https:\/\/ies813pabloluppi-chu.infd.edu.ar\/sitio\/wp-content\/uploads\/2023\/02\/Profesorado-en-Lengua-y-Literatura-1900x723.png 1900w, https:\/\/ies813pabloluppi-chu.infd.edu.ar\/sitio\/wp-content\/uploads\/2023\/02\/Profesorado-en-Lengua-y-Literatura-768x292.png 768w, https:\/\/ies813pabloluppi-chu.infd.edu.ar\/sitio\/wp-content\/uploads\/2023\/02\/Profesorado-en-Lengua-y-Literatura-1536x584.png 1536w, https:\/\/ies813pabloluppi-chu.infd.edu.ar\/sitio\/wp-content\/uploads\/2023\/02\/Profesorado-en-Lengua-y-Literatura-2048x779.png 2048w\" sizes=\"(max-width: 361px) 100vw, 361px\" \/><\/p>\n<p style=\"text-align: center;\"><a href=\"https:\/\/ies813pabloluppi-chu.infd.edu.ar\/sitio\/wp-content\/uploads\/2019\/12\/DC_PES-LyL19.pdf\" target=\"_blank\" rel=\"noopener\">Dise\u00f1o Curricular Profesorado de Ed. Secundaria\u00a0 en Lengua y Literatura. Res 536 \/19<\/a><\/p>\n<p style=\"text-align: center;\"><a href=\"https:\/\/ies813pabloluppi-chu.infd.edu.ar\/sitio\/wp-content\/uploads\/2018\/11\/Expte-6609.13-Dise\u00f1o-Curricular-Profesorado-de-Ed.-Secundaria-en-Lengua-y-Literatura.pdf\">Dise\u00f1o Curricular Profesorado de Ed. Secundaria en Lengua y Literatura &#8211; Res 302\/14<\/a><a href=\"https:\/\/ies813pabloluppi-chu.infd.edu.ar\/sitio\/wp-content\/uploads\/2018\/11\/Expte-6609.13-Dise\u00f1o-Curricular-Profesorado-de-Ed.-Secundaria-en-Lengua-y-Literatura.pdf\">\u00a0<\/a><\/p>\n<p style=\"text-align: center;\"><a href=\"https:\/\/ies813pabloluppi-chu.infd.edu.ar\/sitio\/wp-content\/uploads\/2023\/08\/UDI_CFG-I_PES-LyL_Uso-de-la-Voz_2023.pdf\">UDI_CFG I_PES LyL_Uso de la Voz_2023<\/a><\/p>\n<p style=\"text-align: center;\"><a href=\"https:\/\/ies813pabloluppi-chu.infd.edu.ar\/sitio\/wp-content\/uploads\/2023\/08\/UDI_CFG-II_PES-LyL_Literaturas-desde-el-Sur_2023.pdf\">UDI_CFG II_PES LyL_Literaturas desde el Sur_2023<\/a><\/p>\n<p><img decoding=\"async\" loading=\"lazy\" class=\"aligncenter\" src=\"https:\/\/ies813pabloluppi-chu.infd.edu.ar\/sitio\/wp-content\/uploads\/2019\/04\/Matem%C3%A1tica.jpg\" width=\"412\" height=\"128\" \/><\/p>\n<p style=\"text-align: center;\"><a href=\"https:\/\/ies813pabloluppi-chu.infd.edu.ar\/sitio\/wp-content\/uploads\/2020\/05\/DC_PES-MAT-Res-543-19.pdf\" target=\"_blank\" rel=\"noopener\">Dise\u00f1o Curricular Profesorado Ed. Secundaria en Matem\u00e1tica. Res 543\/19<\/a><\/p>\n<p style=\"text-align: center;\"><a href=\"https:\/\/ies813pabloluppi-chu.infd.edu.ar\/sitio\/wp-content\/uploads\/2025\/08\/BASES-UDI-II_CFG_4to-ano-2025.pdf\">UDI CFG II &#8211; La voz en el aula_2025<\/a><\/p>\n<p><img decoding=\"async\" loading=\"lazy\" class=\"aligncenter\" src=\"https:\/\/ies813pabloluppi-chu.infd.edu.ar\/sitio\/wp-content\/uploads\/2019\/04\/Fisica.jpg\" width=\"414\" height=\"85\" \/><\/p>\n<p style=\"text-align: center;\">D<a href=\"https:\/\/ies813pabloluppi-chu.infd.edu.ar\/sitio\/wp-content\/uploads\/2019\/12\/DC_PES-FIS19.pdf\" target=\"_blank\" rel=\"noopener\">ise\u00f1o Curricular Profesorado Ed. Secundaria en F\u00edsica. Res 545\/19.<\/a><\/p>\n<p style=\"text-align: center;\"><a href=\"upload\/DC_Prof_de_Educacion_en_Fisica_2015.pdf\"><strong style=\"font-size: 12pt;\">Dise\u00f1o Curricular Profesorado Ed.\u00a0<strong>Secundaria en<\/strong><\/strong><strong style=\"font-size: 12pt;\">\u00a0<span style=\"color: #0000ff;\"><span style=\"text-decoration: underline;\">F\u00edsica<\/span>\u00a0<\/span>Res 305\/14<\/strong><\/a><\/p>\n<p style=\"text-align: center;\"><a href=\"https:\/\/ies813pabloluppi-chu.infd.edu.ar\/sitio\/wp-content\/uploads\/2021\/04\/Planificaci\u00f3n-Programaci\u00f3n-y-An\u00e1lisis-de-clases-de-F\u00edsica.pdf\">Planificaci\u00f3n, Programaci\u00f3n y An\u00e1lisis de clases de F\u00edsica<\/a><\/p>\n<p style=\"text-align: center;\"><a href=\"https:\/\/ies813pabloluppi-chu.infd.edu.ar\/sitio\/wp-content\/uploads\/2022\/12\/UDI_CFG_4to-ano-2023-1er-cuatrimestre-fisica-2023.pdf\">UDI_CFG_4to a\u00f1o 2023 1er cuatrimestre fisica 2023<\/a><\/p>\n<p style=\"text-align: center;\"><a href=\"https:\/\/ies813pabloluppi-chu.infd.edu.ar\/sitio\/wp-content\/uploads\/2023\/08\/UDI-Planificacion-Programacion-y-Analisis-de-clases-de-Fisica-FG-2023.pdf\">UDI Planificaci\u00f3n, Programaci\u00f3n y An\u00e1lisis de clases de F\u00edsica FG 2024<\/a><\/p>\n<p style=\"text-align: center;\"><a href=\"https:\/\/ies813pabloluppi-chu.infd.edu.ar\/sitio\/wp-content\/uploads\/2024\/08\/Bases-llamado-a-concurso-Coordinacion-Profesorado-de-Ed.-Sec.-en-Fisica-1.pdf\">Bases llamado a concurso Coordinaci\u00f3n Profesorado de Ed. Sec. en F\u00edsica<\/a><\/p>\n<p><img decoding=\"async\" loading=\"lazy\" class=\"aligncenter\" src=\"https:\/\/ies813pabloluppi-chu.infd.edu.ar\/sitio\/wp-content\/uploads\/2019\/04\/biologiaintro.jpg\" width=\"413\" height=\"94\" \/><\/p>\n<p style=\"text-align: center;\"><a href=\"https:\/\/ies813pabloluppi-chu.infd.edu.ar\/sitio\/wp-content\/uploads\/2019\/12\/DC_PES-BIO19.pdf\" target=\"_blank\" rel=\"noopener\">Dise\u00f1o Curricular Profesorado Ed. Secundaria e Biolog\u00eda Res 548\/19<\/a><\/p>\n<p style=\"text-align: center;\"><span style=\"font-size: 12pt;\"><strong><a href=\"upload\/DC_Prof_Biologia_2015.pdf\">Dise\u00f1o Curricular Profesorado\u00a0 Ed.\u00a0Secundaria en<\/a><\/strong><strong><a href=\"upload\/DC_Prof_Biologia_2015.pdf\">\u00a0<span style=\"color: #008000;\"><span style=\"text-decoration: underline;\">Biolog\u00eda<\/span>\u00a0<\/span>Res 307\/14<\/a><\/strong><\/span><\/p>\n<h5 style=\"text-align: center;\"><span style=\"color: #008000;\"><strong>Programas de espacios curriculares.<\/strong><\/span><\/h5>\n<p style=\"text-align: center;\"><a href=\"https:\/\/ies813pabloluppi-chu.infd.edu.ar\/sitio\/wp-content\/uploads\/2023\/04\/Propiedades-fisico-quimicas-y-medicinales-de-las-especies-vegetales_2023.pdf\">Propiedades f\u00edsico-qu\u00edmicas y medicinales de las especies vegetales_2023<\/a><\/p>\n<p style=\"text-align: center;\"><a href=\"https:\/\/ies813pabloluppi-chu.infd.edu.ar\/sitio\/wp-content\/uploads\/2025\/12\/UDI-CFGI-El-uso-del-cuerpo-y-la-voz-en-la-Ensenanza-de-la-Biologia.pdf\">El uso del cuerpo y la voz en la Ense\u00f1anza de la Biolog\u00eda_2026<\/a><\/p>\n<h5 style=\"text-align: center;\"><\/h5>\n<p><img decoding=\"async\" loading=\"lazy\" class=\"aligncenter\" src=\"https:\/\/ies813pabloluppi-chu.infd.edu.ar\/sitio\/wp-content\/uploads\/2019\/04\/prof-geografia.jpg\" width=\"412\" height=\"132\" \/><\/p>\n<p style=\"text-align: center;\"><a href=\"https:\/\/ies813pabloluppi-chu.infd.edu.ar\/sitio\/wp-content\/uploads\/2019\/12\/DC_PES-GEO19.pdf\" target=\"_blank\" rel=\"noopener\">Dise\u00f1o Curricular Profesorado Ed. Secundaria en Geograf\u00eda Sede Lago Puelo Res.\u00a0 \/19<\/a><\/p>\n<p style=\"text-align: center;\"><strong><span style=\"font-size: 12pt;\"><a class=\"LinkModi\" href=\"upload\/Dise%F1o_Curricular_Profesorado_de_Ed._Secundaria_en_Geografia.pdf\">Dise\u00f1o Curricular Profesorado\u00a0 Ed. Secundaria en <span style=\"text-decoration: underline;\"><span style=\"color: #333300; text-decoration: underline;\">Geograf\u00eda<\/span><\/span> Res 303\/14<\/a><\/span><\/strong><\/p>\n<p style=\"text-align: center;\"><span style=\"font-size: 12pt;\"><strong><span lang=\"ES\"><a href=\"upload\/dis_geografia.pdf\">Dise\u00f1o Curricular Profesorado Ed. Secundaria en <span style=\"text-decoration: underline; color: #333300;\">Geograf\u00eda<\/span> Sede Lago Puelo Res N\u00b0 73\/08<\/a><\/span><\/strong><\/span><\/p>\n<p style=\"text-align: center;\">\n<h1 style=\"text-align: center;\"><span style=\"color: #33b833;\"><strong>TECNICATURA SUPERIOR EN<\/strong><\/span><br \/>\n<span style=\"color: #33b833;\"><strong>GESTI\u00d3N CULTURAL<\/strong><\/span><\/h1>\n<p style=\"text-align: center;\">Duraci\u00f3n de la carrera: 3 (tres) a\u00f1os acad\u00e9micos<br \/>\nModalidad: Presencial<br \/>\nCarga horaria total de la carrera: 2368 horas c\u00e1tedra \u2013 1579 horas reloj<\/p>\n<p style=\"text-align: center;\"><a href=\"https:\/\/ies813pabloluppi-chu.infd.edu.ar\/sitio\/wp-content\/uploads\/2023\/11\/DC-TS_GC.pdf\" target=\"_blank\" rel=\"noopener\">DISE\u00d1O CURRICULAR<\/a><\/p>\n<p style=\"text-align: center;\"><a href=\"https:\/\/ies813pabloluppi-chu.infd.edu.ar\/sitio\/wp-content\/uploads\/2024\/02\/UDI_CFE-I_2024_Sistematizacion-de-experiencias-y-produccion-de-saberes-en-la-gestion-cultural.pdf\">UDI_CFE I_2024_Sistematizaci\u00f3n de experiencias y producci\u00f3n de saberes en la gesti\u00f3n cultural<\/a><\/p>\n<p style=\"text-align: center;\">\u00a0 \u00a0 \u00a0<a href=\"https:\/\/ies813pabloluppi-chu.infd.edu.ar\/sitio\/wp-content\/uploads\/2025\/12\/UDI_CFE-II_2026_Genero-y-accesibilidad-en-la-Gestion-Cultural.pdf\">UDI CFE II 2026 G\u00e9nero y accesibilidad en la Gesti\u00f3n Cultural<\/a><\/p>\n<h1 style=\"text-align: center;\"><span style=\"color: #800080;\"><strong>TECNICATURA SUPERIOR EN NI\u00d1EZ, ADOLESCENCIA Y<\/strong><strong> FAM<\/strong><strong>ILIA<\/strong><\/span><\/h1>\n<p style=\"text-align: center;\"><strong>Res. 3029\/25<\/strong><\/p>\n<p style=\"text-align: center;\"><a href=\"https:\/\/ies813pabloluppi-chu.infd.edu.ar\/sitio\/wp-content\/uploads\/2025\/11\/DC_NAF_Anexo-I-3029-25.pdf\">Dise\u00f1o Curricular 2025 &#8211; DC_NAF_Anexo I 3029-25<\/a><\/p>\n<p style=\"text-align: center;\"><strong>Res. 193\/16<\/strong><\/p>\n<p style=\"text-align: center;\"><a href=\"https:\/\/ies813pabloluppi-chu.infd.edu.ar\/sitio\/wp-content\/uploads\/2024\/02\/DC_Tecnicatura-Superior-en-Ninez-Adolescencia-y-Familia-1.pdf\">Dise\u00f1o Curricular 2016 &#8211; DC_Tecnicatura Superior en Ni\u00f1ez, Adolescencia y Familia<\/a><\/p>\n<p style=\"text-align: center;\"><a href=\"https:\/\/ies813pabloluppi-chu.infd.edu.ar\/sitio\/wp-content\/uploads\/2024\/12\/EDI-Estudios-de-Casos_2do-ano.pdf\">EDI \u00abEstudios de casos\u00bb<\/a><\/p>\n<p style=\"text-align: center;\"><a href=\"https:\/\/ies813pabloluppi-chu.infd.edu.ar\/sitio\/wp-content\/uploads\/2025\/12\/EDI-II-CFE-Compresion-y-producion-de-textos-para-la-intervencion-profesional-copia.pdf\">EDI CFE II \u00abComprensi\u00f3n y producci\u00f3n de texto para la intervenci\u00f3n profesional\u00bb 2026<\/a><\/p>\n<p><img decoding=\"async\" loading=\"lazy\" class=\"wp-image-3336 aligncenter\" src=\"https:\/\/ies813pabloluppi-chu.infd.edu.ar\/sitio\/wp-content\/uploads\/2019\/05\/tecnicatura-superior-en-administraci-n-p-blica-orientada-al-desarrollo-local-n.jpg\" alt=\"\" width=\"414\" height=\"153\" \/><\/p>\n<p style=\"text-align: center;\"><span style=\"font-size: 12pt;\"><strong><span lang=\"ES\"><a href=\"upload\/DC_TS_Administracion_Publica_orientada_al_Desarrollo_Local_1.pdf\">Dise\u00f1o Curricular Tecnicatura Superior en <span style=\"text-decoration: underline; color: #003300;\">Administraci\u00f3n P\u00fablica<\/span> orientada al Desarrollo Local &#8211; Res N\u00b0 83\/15<\/a><\/span><\/strong><\/span><\/p>\n<p style=\"text-align: center;\"><a href=\"https:\/\/ies813pabloluppi-chu.infd.edu.ar\/sitio\/wp-content\/uploads\/2024\/03\/EDI-I-Perspectiva-de-Genero-en-el-Estado-Tecnicatura-en-Administracion-Publica.pdf\">EDI I &#8211; Perspectiva de G\u00e9nero en el Estado<\/a><\/p>\n<p style=\"text-align: center;\"><a href=\"https:\/\/ies813pabloluppi-chu.infd.edu.ar\/sitio\/wp-content\/uploads\/2025\/04\/EDI-II-Lenguaje-y-Comunicacional-en-la-Gestion-Publica.pdf\">EDI II &#8211; Lenguaje y comunicaci\u00f3n en la Gesti\u00f3n P\u00fablica<\/a><\/p>\n<h1 style=\"text-align: center;\"><span style=\"color: #0099aa;\"><strong>Tecnicatura Superior en Producci\u00f3n Industrial de Alimentos<\/strong><\/span><\/h1>\n<p style=\"text-align: center;\"><a href=\"https:\/\/iset815esquel.edu.ar\/wp-content\/uploads\/2024\/03\/DC_TS_Produccion_Industrial_Alimentos.pdf\">Dise\u00f1o Curricular Tecnicatura Superior en Producci\u00f3n Industrial de Alimentos<\/a><\/p>\n<h1 style=\"text-align: center;\"><span style=\"color: #ff0000;\"><strong>Tecnicatura Superior en Psicomotricidad<\/strong><\/span><\/h1>\n<p style=\"text-align: center;\"><a href=\"https:\/\/drive.google.com\/file\/d\/1hFxR7UEEfwoCxiEBFDLqr3OEK5JY26uE\/view?usp=sharing\">Dise\u00f1o Curricular Tecnicatura Sup. en Psicomotricidad &#8211; Res ME 235\/25<\/a><\/p>\n<p><img decoding=\"async\" loading=\"lazy\" class=\"wp-image-5411 aligncenter\" src=\"https:\/\/ies813pabloluppi-chu.infd.edu.ar\/sitio\/wp-content\/uploads\/2023\/03\/Dispositivo-Mayores-de-25-Sede-Lago-Puelo-Res.-1319-1000x563.png\" alt=\"\" width=\"380\" height=\"214\" srcset=\"https:\/\/ies813pabloluppi-chu.infd.edu.ar\/sitio\/wp-content\/uploads\/2023\/03\/Dispositivo-Mayores-de-25-Sede-Lago-Puelo-Res.-1319-1000x563.png 1000w, https:\/\/ies813pabloluppi-chu.infd.edu.ar\/sitio\/wp-content\/uploads\/2023\/03\/Dispositivo-Mayores-de-25-Sede-Lago-Puelo-Res.-1319-1900x1069.png 1900w, https:\/\/ies813pabloluppi-chu.infd.edu.ar\/sitio\/wp-content\/uploads\/2023\/03\/Dispositivo-Mayores-de-25-Sede-Lago-Puelo-Res.-1319-768x432.png 768w, https:\/\/ies813pabloluppi-chu.infd.edu.ar\/sitio\/wp-content\/uploads\/2023\/03\/Dispositivo-Mayores-de-25-Sede-Lago-Puelo-Res.-1319-1536x864.png 1536w, https:\/\/ies813pabloluppi-chu.infd.edu.ar\/sitio\/wp-content\/uploads\/2023\/03\/Dispositivo-Mayores-de-25-Sede-Lago-Puelo-Res.-1319.png 1920w\" sizes=\"(max-width: 380px) 100vw, 380px\" \/><\/p>\n<p style=\"text-align: center;\"><a href=\"https:\/\/ies813pabloluppi-chu.infd.edu.ar\/sitio\/wp-content\/uploads\/2023\/03\/Mayores-de-25-resolucion-2019.pdf\">Mayores-de-25-resolucion-2019<\/a><\/p>\n<p><img decoding=\"async\" loading=\"lazy\" class=\"aligncenter\" src=\"https:\/\/ies813pabloluppi-chu.infd.edu.ar\/sitio\/wp-content\/uploads\/2019\/04\/profesorado-para-educacin-secundaria-en-concurrencia-con-el-titulo-de-base-1-728.jpg\" width=\"412\" height=\"65\" \/><\/p>\n<p style=\"text-align: center;\"><a href=\"https:\/\/ies813pabloluppi-chu.infd.edu.ar\/sitio\/wp-content\/uploads\/2019\/05\/2019_05_Profesorado_Res_301-16.pdf\" target=\"_blank\" rel=\"noopener\">2019_05_02_Resoluci\u00f3n Consejo Federal de Educaci\u00f3n CFE 301\/16<\/a><\/p>\n<p style=\"text-align: center;\"><a href=\"https:\/\/ies813pabloluppi-chu.infd.edu.ar\/sitio\/wp-content\/uploads\/2019\/05\/2019_05_-ANEXO-Profesorado_Res_301-16_01.pdf\" target=\"_blank\" rel=\"noopener\">2019_05_02_Anexo CFE 301\/16<\/a><\/p>\n<p style=\"text-align: center;\"><a href=\"https:\/\/ies813pabloluppi-chu.infd.edu.ar\/sitio\/wp-content\/uploads\/2019\/05\/2019_05_Regimen_Academico_Profesorado_1.pdf\" target=\"_blank\" rel=\"noopener\">2019_05_02_R\u00e9gimen acad\u00e9mico<\/a><\/p>\n<h1 style=\"text-align: center;\"><span style=\"color: #0000ff;\"><strong>POST\u00cdTULO<\/strong><\/span><\/h1>\n<h1 style=\"text-align: center;\"><span style=\"color: #0000ff;\"><strong>ACTUALIZACI\u00d3N ACAD\u00c9MICA EN PROCESOS DE ORIENTACI\u00d3N Y TUTOR\u00cdA EN LA ESCUELA SECUNDARIA\u00a0<\/strong><\/span><\/h1>\n<p style=\"text-align: center;\">Dise\u00f1o Curricular:<\/p>\n<p style=\"text-align: center;\"><a href=\"https:\/\/ies813pabloluppi-chu.infd.edu.ar\/sitio\/wp-content\/uploads\/2024\/08\/DC-AA_POT-1.pdf\">DC Actualizaci\u00f3n acad\u00e9mica para POT <\/a><\/p>\n<p style=\"text-align: center;\"><a href=\"https:\/\/ies813pabloluppi-chu.infd.edu.ar\/sitio\/llamado-a-concurso-25-2-25\/\">1er Llamado &#8211; M\u00f3dulo 3 &#8211; 25\/2\/25<\/a><\/p>\n<h2 style=\"text-align: center;\"><strong><span style=\"color: #003300;\">Certificaci\u00f3n Docente Complementaria en Ense\u00f1anza en Lengua Extranjera Ingl\u00e9s para Educaci\u00f3n Primaria<\/span><\/strong><\/h2>\n<p style=\"text-align: center;\"><a href=\"https:\/\/drive.google.com\/file\/d\/1WQEf2-7tLIkN_53mxodA-0qxiLAFtEkD\/view?usp=drive_link\">Dise\u00f1o Curricular Res. ME 94\/26<\/a><\/p>\n","protected":false},"excerpt":{"rendered":"<p>PROFESORADO DE EDUCACI\u00d3N TECNOL\u00d3GICA Dise\u00f1o Curricular &#8211; Prof. de Educaci\u00f3n Tecnol\u00f3gica &#8211; 2022 Res 595.17 Anexo I DC Prof. EdEspecial or. DiscIntelectual Dise\u00f1o Curricular_Profesorado Educaci\u00f3n Especial_DI_Res 315_2014 Programas de espacios curriculares. EDII_de_Abordaje Pedag\u00f3gico de la Multidiscapacidad_Especial UDI Primer a\u00f1o de Profesorado de Educaci\u00f3n Especial Orientaci\u00f3n Intelectuales_2021_03_26 UDI Uso de la Voz (2024) UDI CFG_Introducci\u00f3n a &#8230; <a title=\"Dise\u00f1os Curriculares\" class=\"read-more\" href=\"https:\/\/ies813pabloluppi-chu.infd.edu.ar\/sitio\/disenos-curriculares-de-formacion-docente\/\" aria-label=\"More on Dise\u00f1os Curriculares\">[+]<\/a><\/p>\n","protected":false},"author":1931,"featured_media":0,"parent":0,"menu_order":0,"comment_status":"closed","ping_status":"closed","template":"","meta":[],"acf":[],"_links":{"self":[{"href":"https:\/\/ies813pabloluppi-chu.infd.edu.ar\/sitio\/wp-json\/wp\/v2\/pages\/1732"}],"collection":[{"href":"https:\/\/ies813pabloluppi-chu.infd.edu.ar\/sitio\/wp-json\/wp\/v2\/pages"}],"about":[{"href":"https:\/\/ies813pabloluppi-chu.infd.edu.ar\/sitio\/wp-json\/wp\/v2\/types\/page"}],"author":[{"embeddable":true,"href":"https:\/\/ies813pabloluppi-chu.infd.edu.ar\/sitio\/wp-json\/wp\/v2\/users\/1931"}],"replies":[{"embeddable":true,"href":"https:\/\/ies813pabloluppi-chu.infd.edu.ar\/sitio\/wp-json\/wp\/v2\/comments?post=1732"}],"version-history":[{"count":234,"href":"https:\/\/ies813pabloluppi-chu.infd.edu.ar\/sitio\/wp-json\/wp\/v2\/pages\/1732\/revisions"}],"predecessor-version":[{"id":7154,"href":"https:\/\/ies813pabloluppi-chu.infd.edu.ar\/sitio\/wp-json\/wp\/v2\/pages\/1732\/revisions\/7154"}],"wp:attachment":[{"href":"https:\/\/ies813pabloluppi-chu.infd.edu.ar\/sitio\/wp-json\/wp\/v2\/media?parent=1732"}],"curies":[{"name":"wp","href":"https:\/\/api.w.org\/{rel}","templated":true}]}}