{"id":2735,"date":"2019-03-20T18:47:53","date_gmt":"2019-03-20T21:47:53","guid":{"rendered":"https:\/\/ies813pabloluppi-chu.infd.edu.ar\/sitio\/?page_id=2735"},"modified":"2025-12-11T20:54:20","modified_gmt":"2025-12-11T23:54:20","slug":"cipe","status":"publish","type":"page","link":"https:\/\/ies813pabloluppi-chu.infd.edu.ar\/sitio\/cipe\/","title":{"rendered":"CIPE"},"content":{"rendered":"\n<h2 class=\"wp-block-heading\"><strong><mark style=\"background-color:rgba(0, 0, 0, 0)\" class=\"has-inline-color has-contrast-color\">COORDINACI\u00d3N INSTITUCIONAL EN POL\u00cdTICAS ESTUDIANTILES<\/mark><\/strong><\/h2>\n\n\n\n<p>Prof. Ant\u00fa Barr\u00eda<\/p>\n\n\n\n<p>contacto: cipe813@gmail.com<\/p>\n\n\n\n<figure class=\"wp-block-pullquote\"><blockquote><p><img decoding=\"async\" loading=\"lazy\" width=\"548\" height=\"542\" class=\"wp-image-6090\" style=\"width: 150px;\" src=\"https:\/\/ies813pabloluppi-chu.infd.edu.ar\/sitio\/wp-content\/uploads\/2023\/12\/LOGO-CIRCULAR-1.png\" alt=\"\"><br>\u00bfPara qu\u00e9 sirve este espacio?<\/p><\/blockquote><\/figure>\n\n\n\n<ul>\n<li><strong><mark style=\"background-color:var(--contrast)\" class=\"has-inline-color has-base-3-color\">1. Promover la participaci\u00f3n y el protagonismo del conjunto de estudiantes en la gesti\u00f3n democr\u00e1tica de las instituciones y en el mejoramiento acad\u00e9mico.<\/mark><\/strong><\/li>\n<\/ul>\n\n\n\n<figure class=\"wp-block-video\"><video autoplay controls src=\"https:\/\/ies813pabloluppi-chu.infd.edu.ar\/sitio\/wp-content\/uploads\/2022\/06\/VID-20181108-WA0011.mp4\"><\/video><figcaption class=\"wp-element-caption\"><sub>ENCUENTRO DE ESTUDIANTES  en el Anexo Epuy\u00e9n del IES 813<\/sub><\/figcaption><\/figure>\n\n\n\n<p>a. Generar junto a los equipos directivos incluyendo a coordinadores de carreras, condiciones que habiliten la participaci\u00f3n efectiva del conjunto de estudiantes en los \u00f3rganos colegiados de los Institutos de Educaci\u00f3n Superior (I.E.S.).<\/p>\n\n\n\n<p>b. Fomentar la creaci\u00f3n, desarrollo y fortalecimiento de los centros de estudiantes. Articular acciones con los centros que ya se encuentran conformados y en funcionamiento. Asesorar y acompa\u00f1ar en otras instancias de participaci\u00f3n estudiantil (en Consejo Consultivo, Jornadas institucionales y jurisdiccionales, concursos, muestras, etc.)<\/p>\n\n\n\n<p>c. Mediar en aquellas situaciones acad\u00e9micas que afectan a la continuidad de la trayectoria estudiantil.<\/p>\n\n\n\n<p>d. Generar espacios de intercambio, discusi\u00f3n y construcci\u00f3n de los documentos normativos y otros referidos al funcionamiento institucional que atraviesan las trayectorias estudiantiles.<\/p>\n\n\n\n<p>e. Participar en cursos introductorios, charlas u otras instancias destinadas a ingresantes para favorecer su inclusi\u00f3n en la vida institucional.<\/p>\n\n\n\n<p>f. Dar a conocer propuestas de Pol\u00edticas Estudiantiles. Difundir informaci\u00f3n a estudiantes sobre capacitaciones virtuales en la plataforma del INFD.<\/p>\n\n\n\n<p>g. Difundir y asesorar sobre el sistema de Transporte Educativo Gratuito, Dispositivo Mayores de 25 a\u00f1os y Plan FinES.<\/p>\n\n\n\n<p>h. Gestionar y\/o acompa\u00f1ar a los estudiantes en encuentros locales, regionales y\/o nacionales.<\/p>\n\n\n\n<p>i. Informar y orientar sobre Becas Nacionales, Provinciales y\/o Municipales. Realizar seguimiento de los estudiantes becados.<\/p>\n\n\n\n<p>j. Establecer procesos de comunicaci\u00f3n con los diversos actores institucionales, priorizando a los estudiantes y sus organizaciones. Ser v\u00ednculo directo entre los estudiantes y otros agentes.<\/p>\n\n\n\n<ul>\n<li><strong><mark style=\"background-color:var(--contrast)\" class=\"has-inline-color has-base-3-color\">2&nbsp;. Desarrollar proyectos de construcci\u00f3n colectiva con estudiantes y otros actores institucionales en tem\u00e1ticas que promuevan la construcci\u00f3n del sentido \u00e9tico, pol\u00edtico y transformador del docente o t\u00e9cnico, la pertenencia institucional y autonom\u00eda.<\/mark><\/strong><\/li>\n<\/ul>\n\n\n\n<figure class=\"wp-block-embed is-type-wp-embed is-provider-instituto-de-educacion-superior-n-813-quot-prof-pablo-luppi-quot wp-block-embed-instituto-de-educacion-superior-n-813-quot-prof-pablo-luppi-quot\"><div class=\"wp-block-embed__wrapper\">\n<blockquote class=\"wp-embedded-content\" data-secret=\"tFNM5vD03q\"><a href=\"https:\/\/ies813pabloluppi-chu.infd.edu.ar\/sitio\/quensenaunestudiante\/\">#quense\u00f1aunestudiante<\/a><\/blockquote><iframe class=\"wp-embedded-content\" sandbox=\"allow-scripts\" security=\"restricted\" style=\"position: absolute; clip: rect(1px, 1px, 1px, 1px);\" title=\"\u00ab#quense\u00f1aunestudiante\u00bb \u2014 Instituto de Educaci\u00f3n Superior N\u00b0 813 &quot; Prof. PABLO LUPPI&quot;\" src=\"https:\/\/ies813pabloluppi-chu.infd.edu.ar\/sitio\/quensenaunestudiante\/embed\/#?secret=C0R4cEnIKx#?secret=tFNM5vD03q\" data-secret=\"tFNM5vD03q\" width=\"600\" height=\"338\" frameborder=\"0\" marginwidth=\"0\" marginheight=\"0\" scrolling=\"no\"><\/iframe>\n<\/div><\/figure>\n\n\n\n<p>a. Desarrollar proyectos socio-culturales con impacto en la comunidad. Vehiculizar propuestas de estudiantes.<\/p>\n\n\n\n<p>b. Generar \u00e1mbitos de trabajo intra e interinstitucionales.<\/p>\n\n\n\n<p>c. Proponer estrategias de promoci\u00f3n de las carreras de formaci\u00f3n docente y tecnicaturas superiores en las escuelas secundarias de la comunidad y otras instituciones para las cuales la formaci\u00f3n superior sea una posible oferta acad\u00e9mica.<\/p>\n\n\n\n<figure class=\"wp-block-video\"><video autoplay controls src=\"https:\/\/ies813pabloluppi-chu.infd.edu.ar\/sitio\/wp-content\/uploads\/2023\/12\/expo-uni1-ok.mp4\"><\/video><\/figure>\n\n\n\n<ul>\n<li><strong><mark style=\"background-color:var(--contrast)\" class=\"has-inline-color has-base-3-color\">3. Participar de las reuniones e instancias de formaci\u00f3n convocadas por el Instituto, DGES y\/o Naci\u00f3n, y presentar en tiempo y forma los informes de seguimiento de acciones solicitadas.<\/mark><\/strong><\/li>\n<\/ul>\n","protected":false},"excerpt":{"rendered":"<p>COORDINACI\u00d3N INSTITUCIONAL EN POL\u00cdTICAS ESTUDIANTILES Prof. Ant\u00fa Barr\u00eda contacto: cipe813@gmail.com \u00bfPara qu\u00e9 sirve este espacio? a. Generar junto a los equipos directivos incluyendo a coordinadores de carreras, condiciones que habiliten la participaci\u00f3n efectiva del conjunto de estudiantes en los \u00f3rganos colegiados de los Institutos de Educaci\u00f3n Superior (I.E.S.). b. Fomentar la creaci\u00f3n, desarrollo y fortalecimiento &#8230; <a title=\"CIPE\" class=\"read-more\" href=\"https:\/\/ies813pabloluppi-chu.infd.edu.ar\/sitio\/cipe\/\" aria-label=\"More on CIPE\">[+]<\/a><\/p>\n","protected":false},"author":935,"featured_media":0,"parent":0,"menu_order":0,"comment_status":"closed","ping_status":"closed","template":"","meta":[],"acf":[],"_links":{"self":[{"href":"https:\/\/ies813pabloluppi-chu.infd.edu.ar\/sitio\/wp-json\/wp\/v2\/pages\/2735"}],"collection":[{"href":"https:\/\/ies813pabloluppi-chu.infd.edu.ar\/sitio\/wp-json\/wp\/v2\/pages"}],"about":[{"href":"https:\/\/ies813pabloluppi-chu.infd.edu.ar\/sitio\/wp-json\/wp\/v2\/types\/page"}],"author":[{"embeddable":true,"href":"https:\/\/ies813pabloluppi-chu.infd.edu.ar\/sitio\/wp-json\/wp\/v2\/users\/935"}],"replies":[{"embeddable":true,"href":"https:\/\/ies813pabloluppi-chu.infd.edu.ar\/sitio\/wp-json\/wp\/v2\/comments?post=2735"}],"version-history":[{"count":26,"href":"https:\/\/ies813pabloluppi-chu.infd.edu.ar\/sitio\/wp-json\/wp\/v2\/pages\/2735\/revisions"}],"predecessor-version":[{"id":6928,"href":"https:\/\/ies813pabloluppi-chu.infd.edu.ar\/sitio\/wp-json\/wp\/v2\/pages\/2735\/revisions\/6928"}],"wp:attachment":[{"href":"https:\/\/ies813pabloluppi-chu.infd.edu.ar\/sitio\/wp-json\/wp\/v2\/media?parent=2735"}],"curies":[{"name":"wp","href":"https:\/\/api.w.org\/{rel}","templated":true}]}}