{"id":3322,"date":"2019-05-07T11:04:33","date_gmt":"2019-05-07T14:04:33","guid":{"rendered":"https:\/\/ies813pabloluppi-chu.infd.edu.ar\/sitio\/?page_id=3322"},"modified":"2025-12-11T20:53:14","modified_gmt":"2025-12-11T23:53:14","slug":"nuestro-instituto-2","status":"publish","type":"page","link":"https:\/\/ies813pabloluppi-chu.infd.edu.ar\/sitio\/nuestro-instituto-2\/","title":{"rendered":"Equipo Institucional"},"content":{"rendered":"<h2 style=\"text-align: center;\"><span style=\"color: #3366ff;\">Equipo Directivo<\/span><\/h2>\n<h5 style=\"text-align: center;\"><span lang=\"ES-AR\">Directora: Mas. Lic. Cindy Carrizo Mu\u00f1oz<\/span><\/h5>\n<h5 style=\"text-align: center;\"><span lang=\"ES-AR\">Vicedirectora: Prof. Romina Fleitas<\/span><\/h5>\n<h5 style=\"text-align: center;\">Secretaria Acad\u00e9mica: Lic. Prof. Gimena Moreno<\/h5>\n<h5 style=\"text-align: center;\">Secretario Administrativo: Prof. Mart\u00edn Salvatierra<\/h5>\n<h5 style=\"text-align: center;\"><a href=\"https:\/\/ies813pabloluppi-chu.infd.edu.ar\/sitio\/wp-content\/uploads\/2023\/03\/Proyecto-Institucional-Compartido-2022.pdf\" target=\"_blank\" rel=\"noopener\"><strong>Proyecto de Gesti\u00f3n\u00a0<\/strong><\/a><\/h5>\n<p>&nbsp;<\/p>\n<h5>Auxiliar Administrativa: Maria del Carmen Gerez<\/h5>\n<h5>Coordinadora de Desarrollo Profesional: Prof. B\u00e1rbara Aiello &#8211; contacto: <a href=\"mailto:desarrolloprofesional813@gmail.com\">desarrolloprofesional813@gmail.com<\/a><\/h5>\n<h5>Referente en Investigaci\u00f3n: Prof. Gustavo Ijurco &#8211; contacto: <a href=\"mailto:refinvestigacion813pl@gmail.com\"><span class=\"qu\" tabindex=\"-1\" role=\"gridcell\" translate=\"no\"><span class=\"go\">refinvestigacion813pl@gmail.com<\/span><\/span><\/a><\/h5>\n<h5>CIPE: Prof. Ant\u00fa Barr\u00eda &#8211; contacto: cipe813@gmail.com<\/h5>\n<p>&nbsp;<\/p>\n<p style=\"text-align: center;\">\u00a0<\/p>\n<h2 style=\"text-align: center;\"><span style=\"color: #3366ff;\">Coordinadoras\/es de Anexos<\/span><\/h2>\n<h4 style=\"text-align: center;\"><span style=\"color: #3366ff;\">Anexo Epuy\u00e9n<\/span><\/h4>\n<p style=\"text-align: center;\"><strong>Coordinadora: Prof. Linda Vanina Chejol\u00e1n<\/strong><\/p>\n<p style=\"text-align: center;\"><strong><a href=\"mailto:isfd813epuyen@gmail.com\" target=\"_blank\" rel=\"noreferrer noopener\">isfd813epuyen@gmail.com<\/a><\/strong><\/p>\n<h4 style=\"text-align: center;\"><span style=\"color: #3366ff;\">Anexo Cholila<\/span><\/h4>\n<p style=\"text-align: center;\"><strong>Coordinador: Prof. Ricardo Verd\u00f3n\u00a0<\/strong><\/p>\n<p style=\"text-align: center;\"><strong><a href=\"mailto:isfd813cholila@gmail.com\" target=\"_blank\" rel=\"noreferrer noopener\">isfd813cholila@gmail.com<\/a><\/strong><\/p>\n<h2 style=\"text-align: center;\"><span style=\"color: #3366ff;\">Coordinadoras\/es de Carreras<\/span><\/h2>\n<h5>Prof. de Educaci\u00f3n Primaria: Prof. Diego Centuri\u00f3n<\/h5>\n<h5>Prof. de Educaci\u00f3n Secundaria en Matem\u00e1tica: Prof. Guillermo Fern\u00e1ndez Rajoy<\/h5>\n<h5>Prof. de Educaci\u00f3n Secundaria en F\u00edsica: Prof. C\u00e9sar Lera<\/h5>\n<h5><strong>Prof. de Educaci\u00f3n Secundaria en Lengua y Literatura: Prof. Ernesto Friedenthal<\/strong><\/h5>\n<h5><strong>Prof. de Educaci\u00f3n Secundaria en Geograf\u00eda: Lic. Prof. Dora Ocampo<\/strong><\/h5>\n<h5>Prof. de Educaci\u00f3n Secundaria en Biolog\u00eda: Dra. Lic. Bel\u00e9n Vallerga<\/h5>\n<h5>Tecnicatura Superior en Turismo: Tec. Gabriel Verg\u00e9<\/h5>\n<p>&nbsp;<\/p>\n<h2 style=\"text-align: center;\"><span style=\"color: #3366ff;\">Bedel\u00eda<\/span><\/h2>\n<h5>Bedel@s Sede Lago Puelo:<\/h5>\n<h5><strong>Prof. Micaela Blanco<\/strong><\/h5>\n<h5><strong>Prof. Franco Tortello<\/strong><\/h5>\n<h5><strong>Prof. Magdalena Sierra<\/strong><\/h5>\n<h5><em>Contacto: <a href=\"mailto:bedeliaisfd813@gmail.com\">bedeliaisfd813@gmail.com<\/a><\/em><\/h5>\n<p><!--more--><\/p>\n<h2 style=\"text-align: center;\"><span style=\"color: #3366ff;\">Auxiliares<\/span><\/h2>\n<h4>Sede Lago Puelo<\/h4>\n<h5>Adri\u00e1n Fern\u00e1ndez<\/h5>\n<h5>Dami\u00e1n Servidio<\/h5>\n<h5>Claudia Carriqueo<\/h5>\n","protected":false},"excerpt":{"rendered":"<p>Equipo Directivo Directora: Mas. Lic. Cindy Carrizo Mu\u00f1oz Vicedirectora: Prof. Romina Fleitas Secretaria Acad\u00e9mica: Lic. Prof. Gimena Moreno Secretario Administrativo: Prof. Mart\u00edn Salvatierra Proyecto de Gesti\u00f3n\u00a0 &nbsp; Auxiliar Administrativa: Maria del Carmen Gerez Coordinadora de Desarrollo Profesional: Prof. B\u00e1rbara Aiello &#8211; contacto: desarrolloprofesional813@gmail.com Referente en Investigaci\u00f3n: Prof. Gustavo Ijurco &#8211; contacto: refinvestigacion813pl@gmail.com CIPE: Prof. Ant\u00fa &#8230; <a title=\"Equipo Institucional\" class=\"read-more\" href=\"https:\/\/ies813pabloluppi-chu.infd.edu.ar\/sitio\/nuestro-instituto-2\/\" aria-label=\"More on Equipo Institucional\">[+]<\/a><\/p>\n","protected":false},"author":935,"featured_media":0,"parent":0,"menu_order":0,"comment_status":"closed","ping_status":"closed","template":"","meta":[],"acf":[],"_links":{"self":[{"href":"https:\/\/ies813pabloluppi-chu.infd.edu.ar\/sitio\/wp-json\/wp\/v2\/pages\/3322"}],"collection":[{"href":"https:\/\/ies813pabloluppi-chu.infd.edu.ar\/sitio\/wp-json\/wp\/v2\/pages"}],"about":[{"href":"https:\/\/ies813pabloluppi-chu.infd.edu.ar\/sitio\/wp-json\/wp\/v2\/types\/page"}],"author":[{"embeddable":true,"href":"https:\/\/ies813pabloluppi-chu.infd.edu.ar\/sitio\/wp-json\/wp\/v2\/users\/935"}],"replies":[{"embeddable":true,"href":"https:\/\/ies813pabloluppi-chu.infd.edu.ar\/sitio\/wp-json\/wp\/v2\/comments?post=3322"}],"version-history":[{"count":81,"href":"https:\/\/ies813pabloluppi-chu.infd.edu.ar\/sitio\/wp-json\/wp\/v2\/pages\/3322\/revisions"}],"predecessor-version":[{"id":6927,"href":"https:\/\/ies813pabloluppi-chu.infd.edu.ar\/sitio\/wp-json\/wp\/v2\/pages\/3322\/revisions\/6927"}],"wp:attachment":[{"href":"https:\/\/ies813pabloluppi-chu.infd.edu.ar\/sitio\/wp-json\/wp\/v2\/media?parent=3322"}],"curies":[{"name":"wp","href":"https:\/\/api.w.org\/{rel}","templated":true}]}}