{"id":3420,"date":"2019-05-31T19:10:57","date_gmt":"2019-05-31T22:10:57","guid":{"rendered":"https:\/\/ies813pabloluppi-chu.infd.edu.ar\/sitio\/?page_id=3420"},"modified":"2019-06-13T20:43:04","modified_gmt":"2019-06-13T23:43:04","slug":"examenes-para-mayores-de-25-anos-sin-titulo-secundario","status":"publish","type":"page","link":"https:\/\/ies813pabloluppi-chu.infd.edu.ar\/sitio\/examenes-para-mayores-de-25-anos-sin-titulo-secundario\/","title":{"rendered":"Programa Mayores de 25"},"content":{"rendered":"<h4 style=\"text-align: center;\"><span style=\"color: #993366;\"><strong>\u00bfQu\u00e9 es el\u00a0 \u00abPROGRAMA MAYORES DE 25\u00bb?<\/strong><\/span><\/h4>\n<h5><strong><span style=\"color: #000080;\">La Ley de Educaci\u00f3n Superior 24.521 (1995) en su art\u00edculo 7 establece:<\/span><\/strong><\/h5>\n<h6><span style=\"color: #000080;\">\u201cPara ingresar como alumno a las instituciones de nivel superior, se debe haber aprobado\u00a0 el nivel medio o el ciclo polimodal de ense\u00f1anza.\u00a0 Excepcionalmente, los mayores de 25\u00a0 a\u00f1os que no re\u00fanan esa condici\u00f3n, podr\u00e1n ingresar siempre que demuestren, a trav\u00e9s de las evaluaciones que las provincias, la Municipalidad de la Ciudad de Buenos Aires o las\u00a0 universidades en su caso establezcan, que tienen preparaci\u00f3n y\/o experiencia laboral\u00a0 acorde con los estudios que se proponen iniciar, as\u00ed como aptitudes y conocimientos suficientes para cursarlos satisfactoriamente.\u201d<\/span><\/h6>\n<h6><span style=\"color: #000080;\"><img decoding=\"async\" class=\"aligncenter\" src=\"http:\/\/www.unm.edu.ar\/images\/RRTT.jpg\" alt=\"Resultado de imagen para mayores de 25 a\u00c3\u00b1os\" \/><\/span><\/h6>\n<h6><span style=\"color: #000080;\">Es as\u00ed que para garantizar lo establecido en la ley, desde el a\u00f1o<span style=\"color: #333399;\"> 2001 se desarrolla en Chubut\u00a0<\/span><\/span><span style=\"color: #333399;\">un dispositivo de evaluaci\u00f3n que\u00a0<strong>permite el ingreso a Institutos de Educaci\u00f3n Superior\u00a0a mayores de 25 a\u00f1os que no hayan realizado o concluido el Nivel Secundario, Medio\u00a0y\/o Polimodal<\/strong>.<\/span><\/h6>\n<h6><span style=\"color: #000080;\">La evaluaci\u00f3n est\u00e1 a cargo de la Direcci\u00f3n General de Educaci\u00f3n Superior, y en la actualidad existen seis sedes provinciales donde referirse y acceder a talleres de apoyo, gu\u00edas y materiales de estudio. Si bien este examen no proporciona un t\u00edtulo secundario, abre la puerta para iniciar el estudio en una carrera de Nivel Superior dentro de los institutos provinciales. Una vez que el estudiante\u00a0 aprueba el examen, tiene un plazo m\u00e1ximo de <strong>dos a\u00f1os<\/strong> para iniciar una carrera.<\/span><\/h6>\n<h6><span style=\"color: #000080;\">Desde hace varios a\u00f1os el IES N\u00b0 813 forma parte del Programa Mayores de 25, abriendo la posibilidad de ingreso a una carrera y posterior desarrollo profesional a personas adultas de diferentes localidades de la Comarca que no han concluido sus estudios secundarios.\u00a0<\/span><\/h6>\n<h4 style=\"text-align: center;\"><span style=\"color: #993366;\">EX\u00c1MEN Y TUTOR\u00cdAS:<\/span><\/h4>\n<h6><span style=\"color: #333399;\">El examen es sobre cuatro \u00e1reas curriculares: <strong><span style=\"color: #003300;\">Lengua, Historia y Construcci\u00f3n Ciudadana y Ciencias Naturales<\/span>, <\/strong>y se lleva a cabo en una fecha que establece la coordinaci\u00f3n del Programa a nivel provincial, a fines de noviembre.<\/span><\/h6>\n<h6><span style=\"color: #333399;\"><span style=\"color: #008000;\">Los talleres de apoyo se habilitan en los meses de junio\/julio<\/span> y est\u00e1n disponibles para quienes estuvieron alejados del sistema educativo durante un tiempo prolongado. En nuestro instituto\u00a0 funcionan en el horario vespertino<span style=\"color: #008000;\">, son de car\u00e1cter p\u00fablico y la asistencia no es obligatoria pero si es <strong>recomendable.<\/strong><\/span><\/span><\/h6>\n<h4 style=\"text-align: center;\"><span style=\"color: #993366;\">MESAS EXTRAORDINARIAS<\/span><\/h4>\n<h6><span style=\"color: #333399;\">Existen en el dispositivo mesas extraordinarias que se establecieron para aquellas personas que por alg\u00fan motivo no pudieron asistir al examen o para quienes consideran que est\u00e1n preparadas para afrontar la instancia sin mediar los talleres de apoyo escolar.<\/span><\/h6>\n<hr \/>\n<h4 style=\"text-align: center;\"><span style=\"color: #993366;\"><strong><u>Profesores\/as y horarios de los talleres de apoyo<\/u>:<\/strong><\/span><\/h4>\n<h5 style=\"text-align: center;\"><span style=\"color: #993300;\"><strong>Lengua: Prof. Silvia Mansilla &#8211;\u00a0<\/strong><\/span><span style=\"color: #993300;\">Mi\u00e9rcoles 18.00 a 20.00hs \/ Viernes 18.00 a 20.00hs<\/span><\/h5>\n<h5 style=\"text-align: center;\"><span style=\"color: #003300;\"><strong>Historia: Prof. Augusto S\u00e1nchez\u00a0\u00a0<\/strong><\/span><span style=\"color: #003300;\">Lunes 18.00 a 19.40hs \/ Jueves 19.50 a 21.30hs<\/span><\/h5>\n<h5 style=\"text-align: center;\"><span style=\"color: #993300;\"><strong>Ciencias Naturales: Prof. Fabi\u00e1n Argel\u00a0<\/strong><\/span><span style=\"color: #993300;\">Lunes 19.50 a 21.30hs \/ Mi\u00e9rcoles 18.00 a 19.40hs<\/span><\/h5>\n<h5 style=\"text-align: center;\"><span style=\"color: #003300;\"><strong>Construcci\u00f3n Ciudadana: Prof. Luc\u00eda L\u00f3pez\u00a0<\/strong><\/span><span style=\"color: #003300;\">Martes de 18.00 a 19.40hs \/ Jueves de 19.50 a 21.30hs<\/span><\/h5>\n<hr \/>\n<h6><a href=\"https:\/\/ies813pabloluppi-chu.infd.edu.ar\/sitio\/cronograma-mayores-de-25\/\" target=\"_blank\" rel=\"noopener\"><img decoding=\"async\" loading=\"lazy\" class=\"aligncenter\" src=\"http:\/\/www.fcm.unc.edu.ar\/wp-content\/uploads\/calendario_acad.2019.png\" alt=\"Resultado de imagen para cronograma de actividades 2019\" width=\"305\" height=\"117\" \/><\/a><\/h6>\n<h4 style=\"text-align: center;\"><span style=\"color: #993366;\">REQUISITOS<\/span><\/h4>\n<ul>\n<li><span style=\"color: #333399;\">SerMayor de 25 a\u00f1os, <\/span><\/li>\n<li><span style=\"color: #333399;\">Ser argentino o naturalizado<\/span><\/li>\n<li><span style=\"color: #333399;\">Poseer estudios primarios o de EGB1 y EGB2 completos<\/span><\/li>\n<li><span style=\"color: #333399;\">Residir en Chubut.<\/span><\/li>\n<\/ul>\n<hr \/>\n<h4 style=\"text-align: center;\"><span style=\"color: #993366;\">DOCUMENTOS NECESARIOS<\/span><\/h4>\n<ul>\n<li><span style=\"color: #333399;\">Fotocopia del DNI (1era. y 2da. hoja con el domicilio actualizado)<\/span><\/li>\n<li><span style=\"color: #333399;\">Certificaci\u00f3n de estudios primarios, autenticado por la instituci\u00f3n escolar<\/span><\/li>\n<li><a href=\"https:\/\/ies813pabloluppi-chu.infd.edu.ar\/sitio\/wp-content\/uploads\/2019\/06\/2019_06_06_Planilla-inscripci\u00f3n.pdf\" target=\"_blank\" rel=\"noopener\"><span style=\"color: #333399;\">Ficha de inscripci\u00f3n completa.<\/span><\/a><\/li>\n<\/ul>\n<h5 style=\"text-align: center;\"><\/h5>\n<h4 style=\"text-align: center;\"><span style=\"color: #993366;\">CONTACTO<\/span><\/h4>\n<h5 style=\"text-align: center;\"><span style=\"color: #333399;\">Sede Lago Puelo: Remigio Nogu\u00e9s S\/N CP.9211<\/span><\/h5>\n<h5 style=\"text-align: center;\"><span style=\"color: #333399;\">Telefax: 0294-4499446<\/span><\/h5>\n<h5 style=\"text-align: center;\"><span style=\"color: #333399;\">E-mail: <a style=\"color: #333399;\" href=\"mailto:isfd813@gmail.com\">isfd813@gmail.com<\/a><\/span><\/h5>\n<h5 style=\"text-align: center;\"><span style=\"color: #333399;\">Web: www.isfd813lagopuelo.edu.ar<\/span><\/h5>\n","protected":false},"excerpt":{"rendered":"<p>\u00bfQu\u00e9 es el\u00a0 \u00abPROGRAMA MAYORES DE 25\u00bb? La Ley de Educaci\u00f3n Superior 24.521 (1995) en su art\u00edculo 7 establece: \u201cPara ingresar como alumno a las instituciones de nivel superior, se debe haber aprobado\u00a0 el nivel medio o el ciclo polimodal de ense\u00f1anza.\u00a0 Excepcionalmente, los mayores de 25\u00a0 a\u00f1os que no re\u00fanan esa condici\u00f3n, podr\u00e1n ingresar &#8230; <a title=\"Programa Mayores de 25\" class=\"read-more\" href=\"https:\/\/ies813pabloluppi-chu.infd.edu.ar\/sitio\/examenes-para-mayores-de-25-anos-sin-titulo-secundario\/\" aria-label=\"More on Programa Mayores de 25\">[+]<\/a><\/p>\n","protected":false},"author":935,"featured_media":0,"parent":0,"menu_order":0,"comment_status":"closed","ping_status":"closed","template":"","meta":[],"acf":[],"_links":{"self":[{"href":"https:\/\/ies813pabloluppi-chu.infd.edu.ar\/sitio\/wp-json\/wp\/v2\/pages\/3420"}],"collection":[{"href":"https:\/\/ies813pabloluppi-chu.infd.edu.ar\/sitio\/wp-json\/wp\/v2\/pages"}],"about":[{"href":"https:\/\/ies813pabloluppi-chu.infd.edu.ar\/sitio\/wp-json\/wp\/v2\/types\/page"}],"author":[{"embeddable":true,"href":"https:\/\/ies813pabloluppi-chu.infd.edu.ar\/sitio\/wp-json\/wp\/v2\/users\/935"}],"replies":[{"embeddable":true,"href":"https:\/\/ies813pabloluppi-chu.infd.edu.ar\/sitio\/wp-json\/wp\/v2\/comments?post=3420"}],"version-history":[{"count":34,"href":"https:\/\/ies813pabloluppi-chu.infd.edu.ar\/sitio\/wp-json\/wp\/v2\/pages\/3420\/revisions"}],"predecessor-version":[{"id":3508,"href":"https:\/\/ies813pabloluppi-chu.infd.edu.ar\/sitio\/wp-json\/wp\/v2\/pages\/3420\/revisions\/3508"}],"wp:attachment":[{"href":"https:\/\/ies813pabloluppi-chu.infd.edu.ar\/sitio\/wp-json\/wp\/v2\/media?parent=3420"}],"curies":[{"name":"wp","href":"https:\/\/api.w.org\/{rel}","templated":true}]}}