{"id":4265,"date":"2021-03-17T10:33:53","date_gmt":"2021-03-17T13:33:53","guid":{"rendered":"https:\/\/ies813pabloluppi-chu.infd.edu.ar\/sitio\/?page_id=4265"},"modified":"2024-05-03T18:37:09","modified_gmt":"2024-05-03T21:37:09","slug":"becas","status":"publish","type":"page","link":"https:\/\/ies813pabloluppi-chu.infd.edu.ar\/sitio\/becas\/","title":{"rendered":"BECAS"},"content":{"rendered":"<p>Estas son las distintas l\u00edneas de Becas del sistema p\u00fabico que se pueden gestionar siendo estudiante del Nivel Terciario en 2024.<\/p>\n<p>Te compartimos las informaciones de Naci\u00f3n y Provincia, para tramitar y acceder en cada caso.<\/p>\n<h1 style=\"text-align: center;\"><strong>BECAS PROGRESAR extensi\u00f3n de inscripciones 2024<\/strong><\/h1>\n<h2><img decoding=\"async\" loading=\"lazy\" class=\"alignleft wp-image-6282\" src=\"https:\/\/ies813pabloluppi-chu.infd.edu.ar\/sitio\/wp-content\/uploads\/2024\/04\/Becas-Progresar-portada-1000x608.webp\" alt=\"\" width=\"700\" height=\"426\" srcset=\"https:\/\/ies813pabloluppi-chu.infd.edu.ar\/sitio\/wp-content\/uploads\/2024\/04\/Becas-Progresar-portada-1000x608.webp 1000w, https:\/\/ies813pabloluppi-chu.infd.edu.ar\/sitio\/wp-content\/uploads\/2024\/04\/Becas-Progresar-portada-768x467.webp 768w, https:\/\/ies813pabloluppi-chu.infd.edu.ar\/sitio\/wp-content\/uploads\/2024\/04\/Becas-Progresar-portada.webp 1024w\" sizes=\"(max-width: 700px) 100vw, 700px\" \/><\/h2>\n<p>Si sos estudiante del IES813 pod\u00e9s solicitar las Becas Progresar hasta el 17 de mayo.<\/p>\n<p><strong><a href=\"https:\/\/www.argentina.gob.ar\/noticias\/abre-la-convocatoria-progresar-2024\" target=\"_blank\" rel=\"noopener\">https:\/\/www.argentina.gob.ar\/educacion\/progresar<\/a><\/strong><\/p>\n<p>Tambi\u00e9n hay una aplicaci\u00f3n para autogestionar desde el celular<\/p>\n<p><a href=\"https:\/\/play.google.com\/store\/apps\/details?id=ar.com.progresar\">https:\/\/play.google.com\/store\/apps\/details?id=ar.com.progresar<\/a><\/p>\n<p>Record\u00e1 que la opci\u00f3n v\u00e1lida es \u201cInscripci\u00f3n Nivel Superior\u201d. <a href=\"https:\/\/www.argentina.gob.ar\/educacion\/progresar\/requisitos\/progresar-nivel-superior\">Requisitos<\/a><\/p>\n<p>Si es tu primera solicitud, ten\u00e9s que generar un usuario y as\u00ed podr\u00e1s ingresar al formulario web. Para el Nivel Superior, todo el tr\u00e1mite de Progresar es exclusivamente virtual. Esto quiere decir que no hace falta ning\u00fan formulario impreso, ni gesti\u00f3n presencial.<\/p>\n<p>En el siguiente link, pod\u00e9s encontrar algunas preguntas frecuentes sobre la inscripci\u00f3n a las Becas Progresar para el Nivel Superior<\/p>\n<p><a href=\"https:\/\/www.argentina.gob.ar\/educacion\/progresar\/preguntas-frecuentes-progresar\/educacion-superior-faq\">https:\/\/www.argentina.gob.ar\/educacion\/progresar\/preguntas-frecuentes-progresar\/educacion-superior-faq<\/a><\/p>\n<p>Si necesitas recuperar tu clave, pod\u00e9s ver el siguiente video para conocer el paso a paso<\/p>\n<p><a href=\"https:\/\/youtu.be\/IanffENNAgU\">https:\/\/youtu.be\/IanffENNAgU<\/a><\/p>\n<h1 style=\"text-align: center;\"><strong>Sistema de BECAS de la Provincia del CHUBUT<\/strong><\/h1>\n<p><img decoding=\"async\" loading=\"lazy\" class=\"wp-image-6137 size-full alignleft\" src=\"https:\/\/ies813pabloluppi-chu.infd.edu.ar\/sitio\/wp-content\/uploads\/2024\/02\/logo-2024-min-educ-chubut.png\" alt=\"\" width=\"604\" height=\"226\" \/><\/p>\n<p>El periodo de Inscripci\u00f3n est\u00e1 abierto hasta el<strong> 31 de marzo de 2024<\/strong>.<a href=\"http:\/\/www.chubut.edu.ar\/becas\">www.chubut.edu.ar\/becas<\/a><\/p>\n<p>BECAS Y POL\u00cdTICAS COMPENSATORIAS <strong>Tel\u00e9fono:<\/strong>\u00a00280 4483768<br \/>\n<a href=\"mailto:becas@educacionvirtual.chubut.edu.ar\" target=\"_blank\" rel=\"noopener\">becas@educacionvirtual.chubut.edu.ar<\/a><\/p>\n<p><strong>Direcci\u00f3n postal:<\/strong>\u00a0Gregorio Mayo N\u00ba 136, Rawson (CP 9103).<\/p>\n<p>Ac\u00e1 te dejamos el <a href=\"https:\/\/forms.gle\/T3aLiLwpfa5AqNEk8\">Formulario \u00danico de Inscripci\u00f3n<\/a> para completar. Y a continuaci\u00f3n, los contactos para asesor\u00edas en cada municipio:<\/p>\n<p>En Lago Puelo TEL 2944 162170 juventudpuelo@gmail.com<\/p>\n<p>En El Hoyo TEL 2944 471880 secretariadesarrollosocialmeh@gmail.com<\/p>\n<p>En Epuy\u00e9n TEL 02944-621292<\/p>\n<p>En Cholila TEL 02945-915930<\/p>\n<p>Los requisitos para el Nivel Superior, son los siguientes:<\/p>\n<p>\u2022 Documento Nacional de Identidad o Partida de Nacimiento<br \/>\n\u2022 Constancia de inscripci\u00f3n en la Universidad o Instituto Superior con sello y firma de la instituci\u00f3n actualizada.<br \/>\n\u2022 Copia del anal\u00edtico del nivel secundario o constancia de t\u00edtulo en tr\u00e1mite.<br \/>\n\u2022 Recibo de sueldo\/haberes\/asignaciones familiares, constancia que acredite la situaci\u00f3n econ\u00f3mica o declaraci\u00f3n jurada de ingresos de, por lo menos, un (1) familiar del que est\u00e9 a cargo el estudiante. Esta declaraci\u00f3n jurada se puede realizar en cualquier juzgado de paz y el tr\u00e1mite para obtenerla es sencillo.<br \/>\n\u2022 Si en el grupo familiar declarado existiera alguien con discapacidad, presentar la documentaci\u00f3n que sea necesaria para acreditarla. Puede ser el certificado \u00fanico de discapacidad (CUD) o cualquier otro certificado que tenga.<br \/>\n\u2022 En caso de renovar la beca, se necesita presentar toda la documentaci\u00f3n correspondiente.<\/p>\n<h1 style=\"text-align: center;\"><strong>Transporte Educativo Gratuito<\/strong><\/h1>\n<p><a href=\"https:\/\/ies813pabloluppi-chu.infd.edu.ar\/sitio\/wp-content\/uploads\/2021\/03\/instructivo-teg.pdf\" target=\"_blank\" rel=\"noopener\"><img decoding=\"async\" loading=\"lazy\" class=\"alignnone wp-image-4297 size-medium\" src=\"https:\/\/ies813pabloluppi-chu.infd.edu.ar\/sitio\/wp-content\/uploads\/2021\/03\/teg-1000x400.jpg\" alt=\"\" width=\"1000\" height=\"400\" \/><\/a><\/p>\n<p>En la Provincia de Chubut se puede gestionar el TEG siendo estudiante del Nivel Superior.<\/p>\n<p>En el siguiente link, pod\u00e9s encontrar un instructivo para la solicitud y los requisitos para hacerlo: <a href=\"https:\/\/ies813pabloluppi-chu.infd.edu.ar\/sitio\/wp-content\/uploads\/2021\/03\/instructivo-teg.pdf\" target=\"_blank\" rel=\"noopener\">instructivo-teg<\/a><\/p>\n<h1><\/h1>\n","protected":false},"excerpt":{"rendered":"<p>Estas son las distintas l\u00edneas de Becas del sistema p\u00fabico que se pueden gestionar siendo estudiante del Nivel Terciario en 2024. Te compartimos las informaciones de Naci\u00f3n y Provincia, para tramitar y acceder en cada caso. BECAS PROGRESAR extensi\u00f3n de inscripciones 2024 Si sos estudiante del IES813 pod\u00e9s solicitar las Becas Progresar hasta el 17 &#8230; <a title=\"BECAS\" class=\"read-more\" href=\"https:\/\/ies813pabloluppi-chu.infd.edu.ar\/sitio\/becas\/\" aria-label=\"More on BECAS\">[+]<\/a><\/p>\n","protected":false},"author":1696,"featured_media":0,"parent":0,"menu_order":0,"comment_status":"closed","ping_status":"closed","template":"","meta":[],"acf":[],"_links":{"self":[{"href":"https:\/\/ies813pabloluppi-chu.infd.edu.ar\/sitio\/wp-json\/wp\/v2\/pages\/4265"}],"collection":[{"href":"https:\/\/ies813pabloluppi-chu.infd.edu.ar\/sitio\/wp-json\/wp\/v2\/pages"}],"about":[{"href":"https:\/\/ies813pabloluppi-chu.infd.edu.ar\/sitio\/wp-json\/wp\/v2\/types\/page"}],"author":[{"embeddable":true,"href":"https:\/\/ies813pabloluppi-chu.infd.edu.ar\/sitio\/wp-json\/wp\/v2\/users\/1696"}],"replies":[{"embeddable":true,"href":"https:\/\/ies813pabloluppi-chu.infd.edu.ar\/sitio\/wp-json\/wp\/v2\/comments?post=4265"}],"version-history":[{"count":35,"href":"https:\/\/ies813pabloluppi-chu.infd.edu.ar\/sitio\/wp-json\/wp\/v2\/pages\/4265\/revisions"}],"predecessor-version":[{"id":6298,"href":"https:\/\/ies813pabloluppi-chu.infd.edu.ar\/sitio\/wp-json\/wp\/v2\/pages\/4265\/revisions\/6298"}],"wp:attachment":[{"href":"https:\/\/ies813pabloluppi-chu.infd.edu.ar\/sitio\/wp-json\/wp\/v2\/media?parent=4265"}],"curies":[{"name":"wp","href":"https:\/\/api.w.org\/{rel}","templated":true}]}}